{"id":120,"date":"2020-06-08T13:27:43","date_gmt":"2020-06-08T13:27:43","guid":{"rendered":"http:\/\/www.museudeseverdovouga.pt\/expo\/?page_id=120"},"modified":"2020-06-08T15:03:20","modified_gmt":"2020-06-08T15:03:20","slug":"fe","status":"publish","type":"page","link":"https:\/\/www.mm-sever.pt\/expo\/fe\/","title":{"rendered":"10 &#8211; F\u00e9"},"content":{"rendered":"\n<figure class=\"wp-block-image size-large\"><img loading=\"lazy\" decoding=\"async\" width=\"1024\" height=\"768\" src=\"http:\/\/www.museudeseverdovouga.pt\/expo\/wp-content\/uploads\/fe02-1024x768.jpg\" alt=\"\" class=\"wp-image-121\" srcset=\"https:\/\/www.mm-sever.pt\/expo\/wp-content\/uploads\/fe02-1024x768.jpg 1024w, https:\/\/www.mm-sever.pt\/expo\/wp-content\/uploads\/fe02-300x225.jpg 300w, https:\/\/www.mm-sever.pt\/expo\/wp-content\/uploads\/fe02-768x576.jpg 768w, https:\/\/www.mm-sever.pt\/expo\/wp-content\/uploads\/fe02.jpg 1280w\" sizes=\"(max-width: 1024px) 100vw, 1024px\" \/><\/figure>\n\n\n\n<p class=\"has-medium-font-size\">Monumentos de f\u00e9, assim s\u00e3o as igrejas, as capelas, os cruzeiros e as alminhas que proliferam pelo concelho de Sever do Vouga. A for\u00e7a da sua religiosidade manifesta-se na simplicidade das linhas que definem a arquitetura da igreja matriz de Sever do Vouga ou na exuber\u00e2ncia decorativa da fachada da igreja de Cedrim. Por outro lado, as capelas, isoladas ou anexas \u00e0s casas senhoriais, s\u00e3o o convite \u00e0 viv\u00eancia da f\u00e9 de uma forma mais \u00edntima, sem, contudo, deixar de apostar na sua decora\u00e7\u00e3o arquitet\u00f3nica.<\/p>\n\n\n\n<p class=\"has-medium-font-size\">Os cruzeiros ornamentam os adros e pra\u00e7as do concelho, e recordam os passos da Paix\u00e3o de Cristo representada, principalmente, na decora\u00e7\u00e3o do cruzeiro de Silva Escura.<\/p>\n\n\n\n<p class=\"has-medium-font-size\">A rela\u00e7\u00e3o das gentes de Sever com a morte ficou exposta nas alminhas que proliferam nos caminhos e encruzilhadas do concelho, incitando \u00e0 ora\u00e7\u00e3o das almas do purgat\u00f3rio. Estas manifesta\u00e7\u00f5es de arte s\u00e3o uma profiss\u00e3o de f\u00e9, renovada em cada esquina, em cada pedra, em cada imagem que anunciam a cren\u00e7a do povo de Sever do Vouga.<\/p>\n\n\n\n<div style=\"height:50px\" aria-hidden=\"true\" class=\"wp-block-spacer\"><\/div>\n\n\n\n<div class=\"wp-block-image\"><figure class=\"alignleft size-medium is-resized\"><img decoding=\"async\" src=\"http:\/\/www.museudeseverdovouga.pt\/expo\/wp-content\/uploads\/fe03b-163x300.jpg\" alt=\"\" class=\"wp-image-123\" height=\"315\" srcset=\"https:\/\/www.mm-sever.pt\/expo\/wp-content\/uploads\/fe03b-163x300.jpg 163w, https:\/\/www.mm-sever.pt\/expo\/wp-content\/uploads\/fe03b-558x1024.jpg 558w, https:\/\/www.mm-sever.pt\/expo\/wp-content\/uploads\/fe03b.jpg 596w\" sizes=\"(max-width: 163px) 100vw, 163px\" \/><\/figure><\/div>\n\n\n\n<p class=\"has-medium-font-size\">Muito perto deste museu encontrava-se, encastrada num muro, este silhar de granito com a palavra gravada \u201cMITRA\u201d.<br>Trata-se de um marco de propriedade da mitra (igreja) da Diocese de Aveiro fundada, em 1774, compreendendo, no seu seio, diversos territ\u00f3rios at\u00e9 ent\u00e3o pertencentes \u00e0 diocese de Coimbra, entre os quais se inclu\u00eda Sever do Vouga. <\/p>\n\n\n\n<div style=\"height:50px\" aria-hidden=\"true\" class=\"wp-block-spacer\"><\/div>\n\n\n\n<p class=\"has-medium-font-size\"><strong>Para saber mais<\/strong><\/p>\n\n\n\n<ul><li>AAVV (2013) \u2013 . Sever do Vouga: C\u00e2mara Municipal<\/li><li>P\u00eago, Maria Carlos Chieira (1997) \u2013 . Sever do Vouga: C\u00e2mara Municipal<\/li><li>Ramos, Fernando Soares (1998) \u2013  Sever do Vouga: C\u00e2mara Municipal<\/li><li>Ramos, Fernando Soares (2005) \u2013 . Sever do Vouga: C\u00e2mara Municipal<\/li><li>Tavares, Ant\u00f3nio Henriques (2001) \u2013 . Sever do Vouga: C\u00e2mara Municipal<\/li><\/ul>\n\n\n\n<div style=\"height:50px\" aria-hidden=\"true\" class=\"wp-block-spacer\"><\/div>\n\n\n\n<div class=\"wp-block-buttons aligncenter is-layout-flex wp-block-buttons-is-layout-flex\">\n<div class=\"wp-block-button is-style-outline\"><a class=\"wp-block-button__link\" href=\"http:\/\/www.museudeseverdovouga.pt\/expo\/?page_id=114\">&lt;&lt;&lt; TEMPOS MEDIEVOS<\/a><\/div>\n\n\n\n<div class=\"wp-block-button is-style-outline\"><a class=\"wp-block-button__link\" href=\"http:\/\/www.museudeseverdovouga.pt\/expo\/?page_id=126\">A VIDA NO CAMPO &gt;&gt;&gt;<\/a><\/div>\n<\/div>\n\n\n\n<div style=\"height:50px\" aria-hidden=\"true\" class=\"wp-block-spacer\"><\/div>\n","protected":false},"excerpt":{"rendered":"<p>Monumentos de f\u00e9, assim s\u00e3o as igrejas, as capelas, os cruzeiros e as alminhas que proliferam pelo concelho de Sever do Vouga. A for\u00e7a da sua religiosidade manifesta-se na simplicidade das linhas que definem a arquitetura da igreja matriz de Sever do Vouga ou na exuber\u00e2ncia decorativa da fachada da igreja de Cedrim. Por outro [&hellip;]<\/p>\n","protected":false},"author":1,"featured_media":0,"parent":0,"menu_order":10,"comment_status":"closed","ping_status":"closed","template":"","meta":{"footnotes":""},"_links":{"self":[{"href":"https:\/\/www.mm-sever.pt\/expo\/wp-json\/wp\/v2\/pages\/120"}],"collection":[{"href":"https:\/\/www.mm-sever.pt\/expo\/wp-json\/wp\/v2\/pages"}],"about":[{"href":"https:\/\/www.mm-sever.pt\/expo\/wp-json\/wp\/v2\/types\/page"}],"author":[{"embeddable":true,"href":"https:\/\/www.mm-sever.pt\/expo\/wp-json\/wp\/v2\/users\/1"}],"replies":[{"embeddable":true,"href":"https:\/\/www.mm-sever.pt\/expo\/wp-json\/wp\/v2\/comments?post=120"}],"version-history":[{"count":2,"href":"https:\/\/www.mm-sever.pt\/expo\/wp-json\/wp\/v2\/pages\/120\/revisions"}],"predecessor-version":[{"id":191,"href":"https:\/\/www.mm-sever.pt\/expo\/wp-json\/wp\/v2\/pages\/120\/revisions\/191"}],"wp:attachment":[{"href":"https:\/\/www.mm-sever.pt\/expo\/wp-json\/wp\/v2\/media?parent=120"}],"curies":[{"name":"wp","href":"https:\/\/api.w.org\/{rel}","templated":true}]}}

10 &#8211; Fé

<figure class="wp-block-image size-large"><img loading="lazy" decoding="async" width="1024" height="768" src="http://www.museudeseverdovouga.pt/expo/wp-content/uploads/fe02-1024x768.jpg" alt="" class="wp-image-121" srcset="https://www.mm-sever.pt/expo/wp-content/uploads/fe02-1024x768.jpg 1024w, https://www.mm-sever.pt/expo/wp-content/uploads/fe02-300x225.jpg 300w, https://www.mm-sever.pt/expo/wp-content/uploads/fe02-768x576.jpg 768w, https://www.mm-sever.pt/expo/wp-content/uploads/fe02.jpg 1280w" sizes="(max-width: 1024px) 100vw, 1024px" /></figure>



<p class="has-medium-font-size">Monumentos de fé, assim são as igrejas, as capelas, os cruzeiros e as alminhas que proliferam pelo concelho de Sever do Vouga. A força da sua religiosidade manifesta-se na simplicidade das linhas que definem a arquitetura da igreja matriz de Sever do Vouga ou na exuberância decorativa da fachada da igreja de Cedrim. Por outro lado, as capelas, isoladas ou anexas às casas senhoriais, são o convite à vivência da fé de uma forma mais íntima, sem, contudo, deixar de apostar na sua decoração arquitetónica.</p>



<p class="has-medium-font-size">Os cruzeiros ornamentam os adros e praças do concelho, e recordam os passos da Paixão de Cristo representada, principalmente, na decoração do cruzeiro de Silva Escura.</p>



<p class="has-medium-font-size">A relação das gentes de Sever com a morte ficou exposta nas alminhas que proliferam nos caminhos e encruzilhadas do concelho, incitando à oração das almas do purgatório. Estas manifestações de arte são uma profissão de fé, renovada em cada esquina, em cada pedra, em cada imagem que anunciam a crença do povo de Sever do Vouga.</p>



<div style="height:50px" aria-hidden="true" class="wp-block-spacer"></div>



<div class="wp-block-image"><figure class="alignleft size-medium is-resized"><img decoding="async" src="http://www.museudeseverdovouga.pt/expo/wp-content/uploads/fe03b-163x300.jpg" alt="" class="wp-image-123" height="315" srcset="https://www.mm-sever.pt/expo/wp-content/uploads/fe03b-163x300.jpg 163w, https://www.mm-sever.pt/expo/wp-content/uploads/fe03b-558x1024.jpg 558w, https://www.mm-sever.pt/expo/wp-content/uploads/fe03b.jpg 596w" sizes="(max-width: 163px) 100vw, 163px" /></figure></div>



<p class="has-medium-font-size">Muito perto deste museu encontrava-se, encastrada num muro, este silhar de granito com a palavra gravada “MITRA”.<br>Trata-se de um marco de propriedade da mitra (igreja) da Diocese de Aveiro fundada, em 1774, compreendendo, no seu seio, diversos territórios até então pertencentes à diocese de Coimbra, entre os quais se incluía Sever do Vouga. </p>



<div style="height:50px" aria-hidden="true" class="wp-block-spacer"></div>



<p class="has-medium-font-size"><strong>Para saber mais</strong></p>



<ul><li>AAVV (2013) – . Sever do Vouga: Câmara Municipal</li><li>Pêgo, Maria Carlos Chieira (1997) – . Sever do Vouga: Câmara Municipal</li><li>Ramos, Fernando Soares (1998) –  Sever do Vouga: Câmara Municipal</li><li>Ramos, Fernando Soares (2005) – . Sever do Vouga: Câmara Municipal</li><li>Tavares, António Henriques (2001) – . Sever do Vouga: Câmara Municipal</li></ul>



<div style="height:50px" aria-hidden="true" class="wp-block-spacer"></div>



<div class="wp-block-buttons aligncenter is-layout-flex wp-block-buttons-is-layout-flex">
<div class="wp-block-button is-style-outline"><a class="wp-block-button__link" href="http://www.museudeseverdovouga.pt/expo/?page_id=114">&lt;&lt;&lt; TEMPOS MEDIEVOS</a></div>



<div class="wp-block-button is-style-outline"><a class="wp-block-button__link" href="http://www.museudeseverdovouga.pt/expo/?page_id=126">A VIDA NO CAMPO &gt;&gt;&gt;</a></div>
</div>



<div style="height:50px" aria-hidden="true" class="wp-block-spacer"></div>

<p>Monumentos de fé, assim são as igrejas, as capelas, os cruzeiros e as alminhas que proliferam pelo concelho de Sever do Vouga. A força da sua religiosidade manifesta-se na simplicidade das linhas que definem a arquitetura da igreja matriz de Sever do Vouga ou na exuberância decorativa da fachada da igreja de Cedrim. Por outro [&hellip;]</p>
