{"id":171,"date":"2020-06-08T14:41:54","date_gmt":"2020-06-08T14:41:54","guid":{"rendered":"http:\/\/www.museudeseverdovouga.pt\/expo\/?page_id=171"},"modified":"2020-06-08T15:14:07","modified_gmt":"2020-06-08T15:14:07","slug":"fichatecnica","status":"publish","type":"page","link":"https:\/\/www.mm-sever.pt\/expo\/fichatecnica\/","title":{"rendered":"18 &#8211; Ficha T\u00e9cnica"},"content":{"rendered":"\n<div style=\"height:50px\" aria-hidden=\"true\" class=\"wp-block-spacer\"><\/div>\n\n\n\n<p><strong>Coordena\u00e7\u00e3o Geral<\/strong> &#8211; Ant\u00f3nio Jos\u00e9 Martins Coutinho<\/p>\n\n\n\n<p><strong>Coordena\u00e7\u00e3o T\u00e9cnica<\/strong> &#8211; Jos\u00e9 Manuel Almeida e Costa; Raul Alberto Concei\u00e7\u00e3o; Graciela Henriques Bastos Figueiredo; Fernando Marques de S\u00e1 Marinheiro<\/p>\n\n\n\n<p><strong>Cons\u00f3rcio<\/strong> &#8211; Glorybox, Lda.; Eon, Ind\u00fastrias Criativas, Lda.<\/p>\n\n\n\n<p><strong>Museologia<\/strong> &#8211; Glorybox, Lda.; Eon, Ind\u00fastrias Criativas, Lda.&nbsp;<\/p>\n\n\n\n<p><strong>Arquitectura e Museografia<\/strong> &#8211; Spaceworkers ; Paulo Passos; Gisela Patronilo; Ant\u00f3nio Lopes<\/p>\n\n\n\n<p><strong>Design Gr\u00e1fico<\/strong>&nbsp;&#8211; Paulo Passos<\/p>\n\n\n\n<p><strong>Investiga\u00e7\u00e3o hist\u00f3rica e produ\u00e7\u00e3o de conte\u00fados<\/strong> &#8211; Pedro Sobral de Carvalho ; Paulo Celso Fernandes Monteiro; Lara Bacelar; Jo\u00e3o Lu\u00eds In\u00eas Vaz; Ant\u00f3nio Lima; Carlos Alves; Maria Lucinda Tavares Santos; Maria Manuela de Bastos T. Ribeiro; Pedro Ribeiro; S\u00e9rgio Rodrigues<\/p>\n\n\n\n<p><strong>Produ\u00e7\u00e3o de Conte\u00fados Fotogr\u00e1ficos<\/strong> &#8211; Paulo Celso Monteiro ; Pedro Sobral de Carvalho; Jo\u00e3o Cosme<\/p>\n\n\n\n<p><strong>Montagem&nbsp;<\/strong>&#8211; Glorybox, Lda.; Eon, Ind\u00fastrias Criativas, Lda.&nbsp;<\/p>\n\n\n\n<p><strong>Recolha Documental e objectos<\/strong> &#8211; Pedro Sobral de Carvalho ; F\u00e1tima Beja e Costa; Paulo Celso Fernandes Monteiro<\/p>\n\n\n\n<p><strong>Consultoria<\/strong> &#8211; Raquel Vila\u00e7a; S\u00e9rgio Rodrigues<\/p>\n\n\n\n<p><strong>Ilustra\u00e7\u00f5es<\/strong> &#8211; [Rodo] Lu\u00eds Tacklim ; [Vitrinas] Paulo Passos<\/p>\n\n\n\n<p><strong>Conserva\u00e7\u00e3o e Restauro<\/strong> &#8211; Vera Moreira Caetano<\/p>\n\n\n\n<p><strong>R\u00e9plica do Torques da Malhada<\/strong> &#8211; Archeofactu<\/p>\n\n\n\n<p><strong>V\u00eddeo: Conce\u00e7\u00e3o, Ideia e Gui\u00f5es<\/strong>: Paulo Celso Fernandes Monteiro ; S\u00e9rgio Pereira<\/p>\n\n\n\n<p><strong>Recolha de Imagens<\/strong> &#8211; S\u00e9rgio Pereira ; Bruno Baessa; Jos\u00e9 Pereira; Paulo Celso Monteiro<\/p>\n\n\n\n<p><strong>Montagem e edi\u00e7\u00e3o<\/strong> &#8211; S\u00e9rgio Pereira<\/p>\n\n\n\n<p><strong>Sonoriza\u00e7\u00e3o <\/strong>&#8211; Bruno Baessa ; S\u00e9rgio Pereira<\/p>\n\n\n\n<p><strong>Banda sonora original<\/strong> &#8211; Dreamsfall &#8211; Chasing The Wind ; Matt Aune (Romantic Cinematic Pack) &#8211; Dreamscape; Movie Theme &#8211; End Credits, New Beginning, Passage to Other Worlds, The Odyssey.<\/p>\n\n\n\n<p><strong>P\u00f3s-produ\u00e7\u00e3o e realiza\u00e7\u00e3o<\/strong> &#8211; S\u00e9rgio Pereira<\/p>\n\n\n\n<p><strong>Aplica\u00e7\u00f5es multim\u00e9dia<\/strong> &#8211; Eon, Ind\u00fastrias Criativas, Lda. ; Glorybox, Lda.; M&amp;A Digital, Lda.<\/p>\n\n\n\n<p><strong>Agradecimentos<\/strong> &#8211; Alicia Ameijenda, Carmen Manzano, Jorge Fonseca, S\u00e9rgio Gomes (Arqueologia e Patrim\u00f3nio &#8211; Ricardo Teixeira &amp; V\u00edtor Fonseca); Andreia Fonseca (Vougapark); Catarina Martins Gon\u00e7alves; Centro Regional das Beiras\/ Universidade Cat\u00f3lica de Viseu; Cooperativa Agr\u00edcola de Sanfins; Dire\u00e7\u00e3o Regional de Cultura, Museu de Aveiro; EDP; Elisabete Henriques; Evasion Time \u2013 Desafio, Aventura e Forma\u00e7\u00e3o; Fausto Macedo Silva; Felismina Coutinho; Liga dos Amigos do Folharido e Bra\u00e7al; M\u00e1rcio Martins; Maria Fernanda Vidal; Museu D. Diogo de Sousa; Museu de Jazigos Minerais Portugueses \/LNEG &#8211; Laborat\u00f3rio Nacional de Energia e Geologia, I.P; Toni Martins de Lemos; Uni\u00e3o de Freguesia de Silva Escura e Dornelas.<\/p>\n\n\n\n<div style=\"height:50px\" aria-hidden=\"true\" class=\"wp-block-spacer\"><\/div>\n\n\n\n<div class=\"wp-block-buttons aligncenter is-layout-flex wp-block-buttons-is-layout-flex\">\n<div class=\"wp-block-button is-style-outline\"><a class=\"wp-block-button__link\" href=\"http:\/\/www.museudeseverdovouga.pt\/expo\/?page_id=168\">&lt;&lt;&lt; CAT\u00c1LOGO<\/a><\/div>\n\n\n\n<div class=\"wp-block-button is-style-outline\"><a class=\"wp-block-button__link\" href=\"http:\/\/www.museudeseverdovouga.pt\" target=\"_blank\" rel=\"noreferrer noopener\">VOLTAR AO SITE DO MUSEU &gt;&gt;&gt;<\/a><\/div>\n<\/div>\n\n\n\n<div style=\"height:50px\" aria-hidden=\"true\" class=\"wp-block-spacer\"><\/div>\n\n\n\n<p><\/p>\n","protected":false},"excerpt":{"rendered":"<p>Coordena\u00e7\u00e3o Geral &#8211; Ant\u00f3nio Jos\u00e9 Martins Coutinho Coordena\u00e7\u00e3o T\u00e9cnica &#8211; Jos\u00e9 Manuel Almeida e Costa; Raul Alberto Concei\u00e7\u00e3o; Graciela Henriques Bastos Figueiredo; Fernando Marques de S\u00e1 Marinheiro Cons\u00f3rcio &#8211; Glorybox, Lda.; Eon, Ind\u00fastrias Criativas, Lda. Museologia &#8211; Glorybox, Lda.; Eon, Ind\u00fastrias Criativas, Lda.&nbsp; Arquitectura e Museografia &#8211; Spaceworkers ; Paulo Passos; Gisela Patronilo; Ant\u00f3nio Lopes [&hellip;]<\/p>\n","protected":false},"author":1,"featured_media":0,"parent":0,"menu_order":18,"comment_status":"closed","ping_status":"closed","template":"","meta":{"footnotes":""},"_links":{"self":[{"href":"https:\/\/www.mm-sever.pt\/expo\/wp-json\/wp\/v2\/pages\/171"}],"collection":[{"href":"https:\/\/www.mm-sever.pt\/expo\/wp-json\/wp\/v2\/pages"}],"about":[{"href":"https:\/\/www.mm-sever.pt\/expo\/wp-json\/wp\/v2\/types\/page"}],"author":[{"embeddable":true,"href":"https:\/\/www.mm-sever.pt\/expo\/wp-json\/wp\/v2\/users\/1"}],"replies":[{"embeddable":true,"href":"https:\/\/www.mm-sever.pt\/expo\/wp-json\/wp\/v2\/comments?post=171"}],"version-history":[{"count":4,"href":"https:\/\/www.mm-sever.pt\/expo\/wp-json\/wp\/v2\/pages\/171\/revisions"}],"predecessor-version":[{"id":207,"href":"https:\/\/www.mm-sever.pt\/expo\/wp-json\/wp\/v2\/pages\/171\/revisions\/207"}],"wp:attachment":[{"href":"https:\/\/www.mm-sever.pt\/expo\/wp-json\/wp\/v2\/media?parent=171"}],"curies":[{"name":"wp","href":"https:\/\/api.w.org\/{rel}","templated":true}]}}