{"id":47,"date":"2020-06-06T22:04:26","date_gmt":"2020-06-06T22:04:26","guid":{"rendered":"http:\/\/www.museudeseverdovouga.pt\/expo\/?page_id=47"},"modified":"2020-06-08T14:51:03","modified_gmt":"2020-06-08T14:51:03","slug":"paleo","status":"publish","type":"page","link":"https:\/\/www.mm-sever.pt\/expo\/paleo\/","title":{"rendered":"03 &#8211; As Primeiras Comunidades"},"content":{"rendered":"\n<figure class=\"wp-block-image size-large\"><img loading=\"lazy\" decoding=\"async\" width=\"1024\" height=\"683\" src=\"http:\/\/www.museudeseverdovouga.pt\/expo\/wp-content\/uploads\/IMG_8673-1024x683-1.jpg\" alt=\"\" class=\"wp-image-178\" srcset=\"https:\/\/www.mm-sever.pt\/expo\/wp-content\/uploads\/IMG_8673-1024x683-1.jpg 1024w, https:\/\/www.mm-sever.pt\/expo\/wp-content\/uploads\/IMG_8673-1024x683-1-300x200.jpg 300w, https:\/\/www.mm-sever.pt\/expo\/wp-content\/uploads\/IMG_8673-1024x683-1-768x512.jpg 768w\" sizes=\"(max-width: 1024px) 100vw, 1024px\" \/><\/figure>\n\n\n\n<p class=\"has-medium-font-size\">Os mais antigos vest\u00edgios da presen\u00e7a humana no vale do rio Vouga remontam ao chamado Paleol\u00edtico Inferior, isto \u00e9, a um per\u00edodo que dever\u00e1 rondar os 250 \/ 300 mil anos. Estes vest\u00edgios consistem em utens\u00edlios feitos a partir de pedra lascada. Nesta \u00e9poca, os nossos antepassados, ainda muito diferentes do Homem atual (Homo sapiens sapiens), talhavam frequentemente seixos rolados de quartzito para fabricar ferramentas, que tinham fun\u00e7\u00f5es muito diversificadas. Como ainda n\u00e3o praticavam a agricultura, \u00e9 prov\u00e1vel que estas ferramentas fossem usadas para desenterrar ra\u00edzes ou tub\u00e9rculos de plantas comest\u00edveis e, sobretudo, para desmanchar animais j\u00e1 mortos para serem consumidos.<br><br>Num momento bastante mais recente, entre cerca de 14.000 e 10.000 anos (Paleol\u00edtico Superior), encontramos novos testemunhos da presen\u00e7a do Homem na regi\u00e3o, desta vez atribu\u00eddos ao Homo sapiens sapiens. Aparentemente, as comunidades humanas desta fase ter\u00e3o frequentado, pelo menos, as zonas ribeirinhas. Aqui n\u00e3o s\u00f3 tinham acesso \u00e0 \u00e1gua, como podiam pescar, ca\u00e7ar, recolher alimentos vegetais e obter diversas rochas e minerais para produzir utens\u00edlios. Por vezes, estas comunidades constru\u00edam cabanas e faziam lareiras nestes locais, onde tendiam a permanecer algum tempo. As cabanas e as lareiras, a par do vestu\u00e1rio feito a partir de peles de animais, ter\u00e3o sido fundamentais para a supera\u00e7\u00e3o do intenso frio que se fazia sentir na \u00e9poca. A presen\u00e7a de vest\u00edgios do Paleol\u00edtico Superior ao longo dos vales sugere que o Homem os utilizava como \u201cvias\u201d de circula\u00e7\u00e3o, que permitiam ligar, por exemplo, os territ\u00f3rios do interior aos do litoral.<\/p>\n\n\n\n<div style=\"height:50px\" aria-hidden=\"true\" class=\"wp-block-spacer\"><\/div>\n\n\n\n<figure class=\"wp-block-gallery columns-3 is-cropped wp-block-gallery-1 is-layout-flex wp-block-gallery-is-layout-flex\"><ul class=\"blocks-gallery-grid\"><li class=\"blocks-gallery-item\"><figure><a href=\"http:\/\/www.museudeseverdovouga.pt\/expo\/wp-content\/uploads\/paleo02.jpg\"><img loading=\"lazy\" decoding=\"async\" width=\"1024\" height=\"880\" src=\"http:\/\/www.museudeseverdovouga.pt\/expo\/wp-content\/uploads\/paleo02-1024x880.jpg\" alt=\"\" data-id=\"48\" data-full-url=\"http:\/\/www.museudeseverdovouga.pt\/expo\/wp-content\/uploads\/paleo02.jpg\" data-link=\"http:\/\/www.museudeseverdovouga.pt\/expo\/?attachment_id=48\" class=\"wp-image-48\" srcset=\"https:\/\/www.mm-sever.pt\/expo\/wp-content\/uploads\/paleo02-1024x880.jpg 1024w, https:\/\/www.mm-sever.pt\/expo\/wp-content\/uploads\/paleo02-300x258.jpg 300w, https:\/\/www.mm-sever.pt\/expo\/wp-content\/uploads\/paleo02-768x660.jpg 768w, https:\/\/www.mm-sever.pt\/expo\/wp-content\/uploads\/paleo02.jpg 1280w\" sizes=\"(max-width: 1024px) 100vw, 1024px\" \/><\/a><\/figure><\/li><li class=\"blocks-gallery-item\"><figure><a href=\"http:\/\/www.museudeseverdovouga.pt\/expo\/wp-content\/uploads\/paleo03.jpg\"><img loading=\"lazy\" decoding=\"async\" width=\"1024\" height=\"880\" src=\"http:\/\/www.museudeseverdovouga.pt\/expo\/wp-content\/uploads\/paleo03-1024x880.jpg\" alt=\"\" data-id=\"49\" data-full-url=\"http:\/\/www.museudeseverdovouga.pt\/expo\/wp-content\/uploads\/paleo03.jpg\" data-link=\"http:\/\/www.museudeseverdovouga.pt\/expo\/?attachment_id=49\" class=\"wp-image-49\" srcset=\"https:\/\/www.mm-sever.pt\/expo\/wp-content\/uploads\/paleo03-1024x880.jpg 1024w, https:\/\/www.mm-sever.pt\/expo\/wp-content\/uploads\/paleo03-300x258.jpg 300w, https:\/\/www.mm-sever.pt\/expo\/wp-content\/uploads\/paleo03-768x660.jpg 768w, https:\/\/www.mm-sever.pt\/expo\/wp-content\/uploads\/paleo03.jpg 1280w\" sizes=\"(max-width: 1024px) 100vw, 1024px\" \/><\/a><\/figure><\/li><li class=\"blocks-gallery-item\"><figure><a href=\"http:\/\/www.museudeseverdovouga.pt\/expo\/wp-content\/uploads\/paleo04.jpg\"><img loading=\"lazy\" decoding=\"async\" width=\"1024\" height=\"880\" src=\"http:\/\/www.museudeseverdovouga.pt\/expo\/wp-content\/uploads\/paleo04-1024x880.jpg\" alt=\"\" data-id=\"50\" data-full-url=\"http:\/\/www.museudeseverdovouga.pt\/expo\/wp-content\/uploads\/paleo04.jpg\" data-link=\"http:\/\/www.museudeseverdovouga.pt\/expo\/?attachment_id=50\" class=\"wp-image-50\" srcset=\"https:\/\/www.mm-sever.pt\/expo\/wp-content\/uploads\/paleo04-1024x880.jpg 1024w, https:\/\/www.mm-sever.pt\/expo\/wp-content\/uploads\/paleo04-300x258.jpg 300w, https:\/\/www.mm-sever.pt\/expo\/wp-content\/uploads\/paleo04-768x660.jpg 768w, https:\/\/www.mm-sever.pt\/expo\/wp-content\/uploads\/paleo04.jpg 1280w\" sizes=\"(max-width: 1024px) 100vw, 1024px\" \/><\/a><\/figure><\/li><li class=\"blocks-gallery-item\"><figure><a href=\"http:\/\/www.museudeseverdovouga.pt\/expo\/wp-content\/uploads\/paleo05.jpg\"><img loading=\"lazy\" decoding=\"async\" width=\"1024\" height=\"880\" src=\"http:\/\/www.museudeseverdovouga.pt\/expo\/wp-content\/uploads\/paleo05-1024x880.jpg\" alt=\"\" data-id=\"51\" data-full-url=\"http:\/\/www.museudeseverdovouga.pt\/expo\/wp-content\/uploads\/paleo05.jpg\" data-link=\"http:\/\/www.museudeseverdovouga.pt\/expo\/?attachment_id=51\" class=\"wp-image-51\" srcset=\"https:\/\/www.mm-sever.pt\/expo\/wp-content\/uploads\/paleo05-1024x880.jpg 1024w, https:\/\/www.mm-sever.pt\/expo\/wp-content\/uploads\/paleo05-300x258.jpg 300w, https:\/\/www.mm-sever.pt\/expo\/wp-content\/uploads\/paleo05-768x660.jpg 768w, https:\/\/www.mm-sever.pt\/expo\/wp-content\/uploads\/paleo05.jpg 1280w\" sizes=\"(max-width: 1024px) 100vw, 1024px\" \/><\/a><\/figure><\/li><li class=\"blocks-gallery-item\"><figure><a href=\"http:\/\/www.museudeseverdovouga.pt\/expo\/wp-content\/uploads\/paleo06.jpg\"><img loading=\"lazy\" decoding=\"async\" width=\"1024\" height=\"880\" src=\"http:\/\/www.museudeseverdovouga.pt\/expo\/wp-content\/uploads\/paleo06-1024x880.jpg\" alt=\"\" data-id=\"52\" data-full-url=\"http:\/\/www.museudeseverdovouga.pt\/expo\/wp-content\/uploads\/paleo06.jpg\" data-link=\"http:\/\/www.museudeseverdovouga.pt\/expo\/?attachment_id=52\" class=\"wp-image-52\" srcset=\"https:\/\/www.mm-sever.pt\/expo\/wp-content\/uploads\/paleo06-1024x880.jpg 1024w, https:\/\/www.mm-sever.pt\/expo\/wp-content\/uploads\/paleo06-300x258.jpg 300w, https:\/\/www.mm-sever.pt\/expo\/wp-content\/uploads\/paleo06-768x660.jpg 768w, https:\/\/www.mm-sever.pt\/expo\/wp-content\/uploads\/paleo06.jpg 1280w\" sizes=\"(max-width: 1024px) 100vw, 1024px\" \/><\/a><\/figure><\/li><li class=\"blocks-gallery-item\"><figure><a href=\"http:\/\/www.museudeseverdovouga.pt\/expo\/wp-content\/uploads\/paleo07.jpg\"><img loading=\"lazy\" decoding=\"async\" width=\"1024\" height=\"880\" src=\"http:\/\/www.museudeseverdovouga.pt\/expo\/wp-content\/uploads\/paleo07-1024x880.jpg\" alt=\"\" data-id=\"53\" data-full-url=\"http:\/\/www.museudeseverdovouga.pt\/expo\/wp-content\/uploads\/paleo07.jpg\" data-link=\"http:\/\/www.museudeseverdovouga.pt\/expo\/?attachment_id=53\" class=\"wp-image-53\" srcset=\"https:\/\/www.mm-sever.pt\/expo\/wp-content\/uploads\/paleo07-1024x880.jpg 1024w, https:\/\/www.mm-sever.pt\/expo\/wp-content\/uploads\/paleo07-300x258.jpg 300w, https:\/\/www.mm-sever.pt\/expo\/wp-content\/uploads\/paleo07-768x660.jpg 768w, https:\/\/www.mm-sever.pt\/expo\/wp-content\/uploads\/paleo07.jpg 1280w\" sizes=\"(max-width: 1024px) 100vw, 1024px\" \/><\/a><\/figure><\/li><li class=\"blocks-gallery-item\"><figure><a href=\"http:\/\/www.museudeseverdovouga.pt\/expo\/wp-content\/uploads\/paleo08.jpg\"><img loading=\"lazy\" decoding=\"async\" width=\"1024\" height=\"880\" src=\"http:\/\/www.museudeseverdovouga.pt\/expo\/wp-content\/uploads\/paleo08-1024x880.jpg\" alt=\"\" data-id=\"54\" data-full-url=\"http:\/\/www.museudeseverdovouga.pt\/expo\/wp-content\/uploads\/paleo08.jpg\" data-link=\"http:\/\/www.museudeseverdovouga.pt\/expo\/?attachment_id=54\" class=\"wp-image-54\" srcset=\"https:\/\/www.mm-sever.pt\/expo\/wp-content\/uploads\/paleo08-1024x880.jpg 1024w, https:\/\/www.mm-sever.pt\/expo\/wp-content\/uploads\/paleo08-300x258.jpg 300w, https:\/\/www.mm-sever.pt\/expo\/wp-content\/uploads\/paleo08-768x660.jpg 768w, https:\/\/www.mm-sever.pt\/expo\/wp-content\/uploads\/paleo08.jpg 1280w\" sizes=\"(max-width: 1024px) 100vw, 1024px\" \/><\/a><\/figure><\/li><li class=\"blocks-gallery-item\"><figure><a href=\"http:\/\/www.museudeseverdovouga.pt\/expo\/wp-content\/uploads\/paleo09.jpg\"><img loading=\"lazy\" decoding=\"async\" width=\"1024\" height=\"880\" src=\"http:\/\/www.museudeseverdovouga.pt\/expo\/wp-content\/uploads\/paleo09-1024x880.jpg\" alt=\"\" data-id=\"55\" data-full-url=\"http:\/\/www.museudeseverdovouga.pt\/expo\/wp-content\/uploads\/paleo09.jpg\" data-link=\"http:\/\/www.museudeseverdovouga.pt\/expo\/?attachment_id=55\" class=\"wp-image-55\" srcset=\"https:\/\/www.mm-sever.pt\/expo\/wp-content\/uploads\/paleo09-1024x880.jpg 1024w, https:\/\/www.mm-sever.pt\/expo\/wp-content\/uploads\/paleo09-300x258.jpg 300w, https:\/\/www.mm-sever.pt\/expo\/wp-content\/uploads\/paleo09-768x660.jpg 768w, https:\/\/www.mm-sever.pt\/expo\/wp-content\/uploads\/paleo09.jpg 1280w\" sizes=\"(max-width: 1024px) 100vw, 1024px\" \/><\/a><\/figure><\/li><li class=\"blocks-gallery-item\"><figure><a href=\"http:\/\/www.museudeseverdovouga.pt\/expo\/wp-content\/uploads\/paleo10.jpg\"><img loading=\"lazy\" decoding=\"async\" width=\"1024\" height=\"880\" src=\"http:\/\/www.museudeseverdovouga.pt\/expo\/wp-content\/uploads\/paleo10-1024x880.jpg\" alt=\"\" data-id=\"56\" data-full-url=\"http:\/\/www.museudeseverdovouga.pt\/expo\/wp-content\/uploads\/paleo10.jpg\" data-link=\"http:\/\/www.museudeseverdovouga.pt\/expo\/?attachment_id=56\" class=\"wp-image-56\" srcset=\"https:\/\/www.mm-sever.pt\/expo\/wp-content\/uploads\/paleo10-1024x880.jpg 1024w, https:\/\/www.mm-sever.pt\/expo\/wp-content\/uploads\/paleo10-300x258.jpg 300w, https:\/\/www.mm-sever.pt\/expo\/wp-content\/uploads\/paleo10-768x660.jpg 768w, https:\/\/www.mm-sever.pt\/expo\/wp-content\/uploads\/paleo10.jpg 1280w\" sizes=\"(max-width: 1024px) 100vw, 1024px\" \/><\/a><\/figure><\/li><li class=\"blocks-gallery-item\"><figure><a href=\"http:\/\/www.museudeseverdovouga.pt\/expo\/wp-content\/uploads\/paleo11.jpg\"><img loading=\"lazy\" decoding=\"async\" width=\"1024\" height=\"880\" src=\"http:\/\/www.museudeseverdovouga.pt\/expo\/wp-content\/uploads\/paleo11-1024x880.jpg\" alt=\"\" data-id=\"57\" data-full-url=\"http:\/\/www.museudeseverdovouga.pt\/expo\/wp-content\/uploads\/paleo11.jpg\" data-link=\"http:\/\/www.museudeseverdovouga.pt\/expo\/?attachment_id=57\" class=\"wp-image-57\" srcset=\"https:\/\/www.mm-sever.pt\/expo\/wp-content\/uploads\/paleo11-1024x880.jpg 1024w, https:\/\/www.mm-sever.pt\/expo\/wp-content\/uploads\/paleo11-300x258.jpg 300w, https:\/\/www.mm-sever.pt\/expo\/wp-content\/uploads\/paleo11-768x660.jpg 768w, https:\/\/www.mm-sever.pt\/expo\/wp-content\/uploads\/paleo11.jpg 1280w\" sizes=\"(max-width: 1024px) 100vw, 1024px\" \/><\/a><\/figure><\/li><li class=\"blocks-gallery-item\"><figure><a href=\"http:\/\/www.museudeseverdovouga.pt\/expo\/wp-content\/uploads\/paleo12.jpg\"><img loading=\"lazy\" decoding=\"async\" width=\"1024\" height=\"880\" src=\"http:\/\/www.museudeseverdovouga.pt\/expo\/wp-content\/uploads\/paleo12-1024x880.jpg\" alt=\"\" data-id=\"58\" data-full-url=\"http:\/\/www.museudeseverdovouga.pt\/expo\/wp-content\/uploads\/paleo12.jpg\" data-link=\"http:\/\/www.museudeseverdovouga.pt\/expo\/?attachment_id=58\" class=\"wp-image-58\" srcset=\"https:\/\/www.mm-sever.pt\/expo\/wp-content\/uploads\/paleo12-1024x880.jpg 1024w, https:\/\/www.mm-sever.pt\/expo\/wp-content\/uploads\/paleo12-300x258.jpg 300w, https:\/\/www.mm-sever.pt\/expo\/wp-content\/uploads\/paleo12-768x660.jpg 768w, https:\/\/www.mm-sever.pt\/expo\/wp-content\/uploads\/paleo12.jpg 1280w\" sizes=\"(max-width: 1024px) 100vw, 1024px\" \/><\/a><\/figure><\/li><li class=\"blocks-gallery-item\"><figure><a href=\"http:\/\/www.museudeseverdovouga.pt\/expo\/wp-content\/uploads\/paleo13.jpg\"><img loading=\"lazy\" decoding=\"async\" width=\"1024\" height=\"880\" src=\"http:\/\/www.museudeseverdovouga.pt\/expo\/wp-content\/uploads\/paleo13-1024x880.jpg\" alt=\"\" data-id=\"59\" data-full-url=\"http:\/\/www.museudeseverdovouga.pt\/expo\/wp-content\/uploads\/paleo13.jpg\" data-link=\"http:\/\/www.museudeseverdovouga.pt\/expo\/?attachment_id=59\" class=\"wp-image-59\" srcset=\"https:\/\/www.mm-sever.pt\/expo\/wp-content\/uploads\/paleo13-1024x880.jpg 1024w, https:\/\/www.mm-sever.pt\/expo\/wp-content\/uploads\/paleo13-300x258.jpg 300w, https:\/\/www.mm-sever.pt\/expo\/wp-content\/uploads\/paleo13-768x660.jpg 768w, https:\/\/www.mm-sever.pt\/expo\/wp-content\/uploads\/paleo13.jpg 1280w\" sizes=\"(max-width: 1024px) 100vw, 1024px\" \/><\/a><\/figure><\/li><\/ul><\/figure>\n\n\n\n<div style=\"height:50px\" aria-hidden=\"true\" class=\"wp-block-spacer\"><\/div>\n\n\n\n<p class=\"has-medium-font-size\">H\u00e1 mais de 10.000 anos, o <a rel=\"noreferrer noopener\" href=\"http:\/\/www.museudeseverdovouga.pt\/wikisever\/doku.php?id=rodo\" target=\"_blank\">s\u00edtio do R\u00f4do<\/a> foi frequentado por grupos humanos que viviam da ca\u00e7a, da pesca e da recole\u00e7\u00e3o de plantas silvestres. As escava\u00e7\u00f5es arqueol\u00f3gicas realizadas no s\u00edtio do R\u00f4do permitiram identificar utens\u00edlios de pedra lascada e algumas lareiras, que ter\u00e3o servido para cozinhar ou aquecer o Homem. \u00c9 muito prov\u00e1vel que tenham sido tamb\u00e9m constru\u00eddas cabanas, mas delas n\u00e3o h\u00e1 grandes evid\u00eancias. Estes grupos humanos escolheram este local para permanecer algum tempo devido, possivelmente, \u00e0 presen\u00e7a da \u00e1gua, \u00e0 abund\u00e2ncia de rochas e minerais para o fabrico de utens\u00edlios e \u00e0 exist\u00eancia de recursos alimentares (mam\u00edferos, peixe e produtos vegetais).&nbsp;<\/p>\n\n\n\n<div style=\"height:50px\" aria-hidden=\"true\" class=\"wp-block-spacer\"><\/div>\n\n\n\n<p class=\"has-medium-font-size\"><strong>Para saber mais:<\/strong><\/p>\n\n\n\n<ul><li><a rel=\"noreferrer noopener\" href=\"http:\/\/www.museudeseverdovouga.pt\/wikisever\/doku.php?id=rodo\" target=\"_blank\">R\u00f4do na WikiSever: a Enciclop\u00e9dia Digital de Sever do Vouga<\/a><\/li><\/ul>\n\n\n\n<div style=\"height:50px\" aria-hidden=\"true\" class=\"wp-block-spacer\"><\/div>\n\n\n\n<div class=\"wp-block-buttons aligncenter is-layout-flex wp-block-buttons-is-layout-flex\">\n<div class=\"wp-block-button is-style-outline\"><a class=\"wp-block-button__link\" href=\"http:\/\/www.museudeseverdovouga.pt\/expo\/?page_id=34\">&lt;&lt;&lt; 02 &#8211; TERRIT\u00d3RIO<\/a><\/div>\n\n\n\n<div class=\"wp-block-button is-style-outline\"><a class=\"wp-block-button__link\" href=\"http:\/\/www.museudeseverdovouga.pt\/expo\/?page_id=65\">04 &#8211; D\u00d3LMENS E MENIRES &gt;&gt;&gt;<\/a><\/div>\n<\/div>\n\n\n\n<div style=\"height:50px\" aria-hidden=\"true\" class=\"wp-block-spacer\"><\/div>\n","protected":false},"excerpt":{"rendered":"<p>Os mais antigos vest\u00edgios da presen\u00e7a humana no vale do rio Vouga remontam ao chamado Paleol\u00edtico Inferior, isto \u00e9, a um per\u00edodo que dever\u00e1 rondar os 250 \/ 300 mil anos. Estes vest\u00edgios consistem em utens\u00edlios feitos a partir de pedra lascada. Nesta \u00e9poca, os nossos antepassados, ainda muito diferentes do Homem atual (Homo sapiens [&hellip;]<\/p>\n","protected":false},"author":1,"featured_media":0,"parent":0,"menu_order":3,"comment_status":"closed","ping_status":"closed","template":"","meta":{"footnotes":""},"_links":{"self":[{"href":"https:\/\/www.mm-sever.pt\/expo\/wp-json\/wp\/v2\/pages\/47"}],"collection":[{"href":"https:\/\/www.mm-sever.pt\/expo\/wp-json\/wp\/v2\/pages"}],"about":[{"href":"https:\/\/www.mm-sever.pt\/expo\/wp-json\/wp\/v2\/types\/page"}],"author":[{"embeddable":true,"href":"https:\/\/www.mm-sever.pt\/expo\/wp-json\/wp\/v2\/users\/1"}],"replies":[{"embeddable":true,"href":"https:\/\/www.mm-sever.pt\/expo\/wp-json\/wp\/v2\/comments?post=47"}],"version-history":[{"count":5,"href":"https:\/\/www.mm-sever.pt\/expo\/wp-json\/wp\/v2\/pages\/47\/revisions"}],"predecessor-version":[{"id":179,"href":"https:\/\/www.mm-sever.pt\/expo\/wp-json\/wp\/v2\/pages\/47\/revisions\/179"}],"wp:attachment":[{"href":"https:\/\/www.mm-sever.pt\/expo\/wp-json\/wp\/v2\/media?parent=47"}],"curies":[{"name":"wp","href":"https:\/\/api.w.org\/{rel}","templated":true}]}}