{"id":84,"date":"2020-06-06T22:19:12","date_gmt":"2020-06-06T22:19:12","guid":{"rendered":"http:\/\/www.museudeseverdovouga.pt\/expo\/?page_id=84"},"modified":"2020-06-08T14:57:00","modified_gmt":"2020-06-08T14:57:00","slug":"metal","status":"publish","type":"page","link":"https:\/\/www.mm-sever.pt\/expo\/metal\/","title":{"rendered":"05 &#8211; A Metalurgia: In\u00edcio de uma nova era"},"content":{"rendered":"\n<figure class=\"wp-block-image size-large\"><img loading=\"lazy\" decoding=\"async\" width=\"1024\" height=\"768\" src=\"http:\/\/www.museudeseverdovouga.pt\/expo\/wp-content\/uploads\/metal01-1024x768.jpg\" alt=\"\" class=\"wp-image-182\" srcset=\"https:\/\/www.mm-sever.pt\/expo\/wp-content\/uploads\/metal01-1024x768.jpg 1024w, https:\/\/www.mm-sever.pt\/expo\/wp-content\/uploads\/metal01-300x225.jpg 300w, https:\/\/www.mm-sever.pt\/expo\/wp-content\/uploads\/metal01-768x576.jpg 768w, https:\/\/www.mm-sever.pt\/expo\/wp-content\/uploads\/metal01.jpg 1280w\" sizes=\"(max-width: 1024px) 100vw, 1024px\" \/><\/figure>\n\n\n\n<p class=\"has-medium-font-size\">O dom\u00ednio gradual da metalurgia acarretou impactos socioecon\u00f3micos que viriam a transformar substancialmente o modo de vida das comunidades humanas.<br>Dos in\u00edcios da era dos metais, do Calcol\u00edtico ou Idade do Cobre (III mil\u00e9nio a.C.), n\u00e3o existem vest\u00edgios conhecidos no concelho de Sever do Vouga, mas j\u00e1 dos per\u00edodos subsequentes, Idades do Bronze (II\/I mil\u00e9nio a.C.) e do Ferro (finais do i mil\u00e9nio a.C.) conhecemos algumas manifesta\u00e7\u00f5es.<br>Agora, interessava essencialmente controlar as vias por onde circulavam os bens e as mat\u00e9rias-primas que iam e vinham de longe. Implantaram-se, assim, nos finais da Idade do Bronze, povoados amuralhados no cume dos montes como o <a rel=\"noreferrer noopener\" href=\"http:\/\/www.museudeseverdovouga.pt\/wikisever\/doku.php?id=castelo\" target=\"_blank\">Cast\u00ealo de Cedrim<\/a>, o Cabe\u00e7o do Aro ou o Castro de Parada.<br>O territ\u00f3rio de Sever do Vouga parece ter beneficiado da proximidade ao litoral onde se desenvolviam popula\u00e7\u00f5es de origem fen\u00edcia.&nbsp;<\/p>\n\n\n\n<div style=\"height:50px\" aria-hidden=\"true\" class=\"wp-block-spacer\"><\/div>\n\n\n\n<p class=\"has-medium-font-size\"><strong>Para saber mais:<\/strong><\/p>\n\n\n\n<ul><li>AAVV (2013) \u2013  Sever do Vouga: C\u00e2mara Municipal<\/li><\/ul>\n\n\n\n<div style=\"height:50px\" aria-hidden=\"true\" class=\"wp-block-spacer\"><\/div>\n\n\n\n<div class=\"wp-block-buttons aligncenter is-layout-flex wp-block-buttons-is-layout-flex\">\n<div class=\"wp-block-button is-style-outline\"><a class=\"wp-block-button__link\" href=\"http:\/\/www.museudeseverdovouga.pt\/expo\/?page_id=65\">&lt;&lt;&lt; 04 &#8211; D\u00d3LMENS E MENIRES<\/a><\/div>\n\n\n\n<div class=\"wp-block-button is-style-outline\"><a class=\"wp-block-button__link\" href=\"http:\/\/www.museudeseverdovouga.pt\/expo\/?page_id=88\">06 &#8211; A ARTE RUPESTRE &gt;&gt;&gt;<\/a><\/div>\n<\/div>\n\n\n\n<div style=\"height:50px\" aria-hidden=\"true\" class=\"wp-block-spacer\"><\/div>\n","protected":false},"excerpt":{"rendered":"<p>O dom\u00ednio gradual da metalurgia acarretou impactos socioecon\u00f3micos que viriam a transformar substancialmente o modo de vida das comunidades humanas.Dos in\u00edcios da era dos metais, do Calcol\u00edtico ou Idade do Cobre (III mil\u00e9nio a.C.), n\u00e3o existem vest\u00edgios conhecidos no concelho de Sever do Vouga, mas j\u00e1 dos per\u00edodos subsequentes, Idades do Bronze (II\/I mil\u00e9nio a.C.) [&hellip;]<\/p>\n","protected":false},"author":1,"featured_media":0,"parent":0,"menu_order":5,"comment_status":"closed","ping_status":"closed","template":"","meta":{"footnotes":""},"_links":{"self":[{"href":"https:\/\/www.mm-sever.pt\/expo\/wp-json\/wp\/v2\/pages\/84"}],"collection":[{"href":"https:\/\/www.mm-sever.pt\/expo\/wp-json\/wp\/v2\/pages"}],"about":[{"href":"https:\/\/www.mm-sever.pt\/expo\/wp-json\/wp\/v2\/types\/page"}],"author":[{"embeddable":true,"href":"https:\/\/www.mm-sever.pt\/expo\/wp-json\/wp\/v2\/users\/1"}],"replies":[{"embeddable":true,"href":"https:\/\/www.mm-sever.pt\/expo\/wp-json\/wp\/v2\/comments?post=84"}],"version-history":[{"count":3,"href":"https:\/\/www.mm-sever.pt\/expo\/wp-json\/wp\/v2\/pages\/84\/revisions"}],"predecessor-version":[{"id":183,"href":"https:\/\/www.mm-sever.pt\/expo\/wp-json\/wp\/v2\/pages\/84\/revisions\/183"}],"wp:attachment":[{"href":"https:\/\/www.mm-sever.pt\/expo\/wp-json\/wp\/v2\/media?parent=84"}],"curies":[{"name":"wp","href":"https:\/\/api.w.org\/{rel}","templated":true}]}}