{"id":13,"date":"2024-02-28T10:00:00","date_gmt":"2024-02-28T10:00:00","guid":{"rendered":"https:\/\/www.mm-sever.pt\/minas\/?page_id=13"},"modified":"2024-02-28T08:45:40","modified_gmt":"2024-02-28T08:45:40","slug":"intro","status":"publish","type":"page","link":"https:\/\/www.mm-sever.pt\/minas\/","title":{"rendered":"Bem-Vindo!"},"content":{"rendered":"\n<p class=\"has-medium-font-size\">O Munic\u00edpio de Sever do Vouga \u00e9 parceiro do <a href=\"http:\/\/www.roteirodeminas.pt\/local.aspx?v=fe494e56-6f54-4af9-859b-a8bab5a71565\" target=\"_blank\" rel=\"noreferrer noopener\">Roteiro das Minas e Pontos de Interesse Geol\u00f3gico e Mineiro<\/a>, deste 2020, tendo inscrito o local Minas do Bra\u00e7al e Malhada, com dois pontos, as pr\u00f3prias minas e o Museu Municipal, onde se encontra algum do esp\u00f3lio em exposi\u00e7\u00e3o.<\/p>\n\n\n\n<p class=\"has-medium-font-size\">\u00c9 igualmente parceiro do <a href=\"https:\/\/business.turismodeportugal.pt\/pt\/Conhecer\/programas-iniciativas\/Paginas\/turismo-industrial.aspx\">Grupo Dinamizador da Rede Portuguesa do Turismo Industrial<\/a>.<\/p>\n\n\n\n<p class=\"has-medium-font-size\">\u00c9 neste \u00e2mbito que surge este s\u00edtio na Internet. Aqui encontra um breve historial das minas, bem como as actividades programadas para cada ano e as condi\u00e7\u00f5es de visita e acessibilidade.<\/p>\n\n\n\n<div style=\"height:50px\" aria-hidden=\"true\" class=\"wp-block-spacer\"><\/div>\n\n\n\n<figure class=\"wp-block-embed is-type-video is-provider-youtube wp-block-embed-youtube wp-embed-aspect-16-9 wp-has-aspect-ratio\"><div class=\"wp-block-embed__wrapper\">\n<iframe loading=\"lazy\" title=\"Hist\u00f3rias de um mineiro do Bra\u00e7al | Ant\u00f3nio Anjos\" width=\"640\" height=\"360\" src=\"https:\/\/www.youtube.com\/embed\/IwgIBbVIuVA?feature=oembed\" frameborder=\"0\" allow=\"accelerometer; autoplay; clipboard-write; encrypted-media; gyroscope; picture-in-picture; web-share\" referrerpolicy=\"strict-origin-when-cross-origin\" allowfullscreen><\/iframe>\n<\/div><\/figure>\n\n\n\n<div style=\"height:50px\" aria-hidden=\"true\" class=\"wp-block-spacer\"><\/div>\n\n\n","protected":false},"excerpt":{"rendered":"<p>O Munic\u00edpio de Sever do Vouga \u00e9 parceiro do Roteiro das Minas e Pontos de Interesse Geol\u00f3gico e Mineiro, deste 2020, tendo inscrito o local Minas do Bra\u00e7al e Malhada, com dois pontos, as pr\u00f3prias minas e o Museu Municipal, onde se encontra algum do esp\u00f3lio em exposi\u00e7\u00e3o. \u00c9 igualmente parceiro do Grupo Dinamizador da&#8230;<\/p>\n","protected":false},"author":1,"featured_media":0,"parent":0,"menu_order":0,"comment_status":"closed","ping_status":"closed","template":"","meta":{"footnotes":""},"class_list":["post-13","page","type-page","status-publish","hentry"],"yoast_head":"<!-- This site is optimized with the Yoast SEO plugin v27.5 - https:\/\/yoast.com\/product\/yoast-seo-wordpress\/ -->\n<title>Bem-Vindo! - Minas do Bra\u00e7al e Malhada<\/title>\n<meta name=\"robots\" content=\"index, follow, max-snippet:-1, max-image-preview:large, max-video-preview:-1\" \/>\n<link rel=\"canonical\" href=\"https:\/\/www.mm-sever.pt\/minas\/\" \/>\n<meta property=\"og:locale\" content=\"pt_PT\" \/>\n<meta property=\"og:type\" content=\"article\" \/>\n<meta property=\"og:title\" content=\"Bem-Vindo! - Minas do Bra\u00e7al e Malhada\" \/>\n<meta property=\"og:description\" content=\"O Munic\u00edpio de Sever do Vouga \u00e9 parceiro do Roteiro das Minas e Pontos de Interesse Geol\u00f3gico e Mineiro, deste 2020, tendo inscrito o local Minas do Bra\u00e7al e Malhada, com dois pontos, as pr\u00f3prias minas e o Museu Municipal, onde se encontra algum do esp\u00f3lio em exposi\u00e7\u00e3o. \u00c9 igualmente parceiro do Grupo Dinamizador da...\" \/>\n<meta property=\"og:url\" content=\"https:\/\/www.mm-sever.pt\/minas\/\" \/>\n<meta property=\"og:site_name\" content=\"Minas do Bra\u00e7al e Malhada\" \/>\n<meta property=\"article:publisher\" content=\"https:\/\/www.facebook.com\/museudeseverdovouga\" \/>\n<meta name=\"twitter:card\" content=\"summary_large_image\" \/>\n<meta name=\"twitter:label1\" content=\"Tempo estimado de leitura\" \/>\n\t<meta name=\"twitter:data1\" content=\"1 minuto\" \/>\n<script type=\"application\/ld+json\" class=\"yoast-schema-graph\">{\"@context\":\"https:\\\/\\\/schema.org\",\"@graph\":[{\"@type\":\"WebPage\",\"@id\":\"https:\\\/\\\/www.mm-sever.pt\\\/minas\\\/\",\"url\":\"https:\\\/\\\/www.mm-sever.pt\\\/minas\\\/\",\"name\":\"Bem-Vindo! - Minas do Bra\u00e7al e Malhada\",\"isPartOf\":{\"@id\":\"https:\\\/\\\/www.mm-sever.pt\\\/minas\\\/#website\"},\"datePublished\":\"2024-02-28T10:00:00+00:00\",\"breadcrumb\":{\"@id\":\"https:\\\/\\\/www.mm-sever.pt\\\/minas\\\/#breadcrumb\"},\"inLanguage\":\"pt-PT\",\"potentialAction\":[{\"@type\":\"ReadAction\",\"target\":[\"https:\\\/\\\/www.mm-sever.pt\\\/minas\\\/\"]}]},{\"@type\":\"BreadcrumbList\",\"@id\":\"https:\\\/\\\/www.mm-sever.pt\\\/minas\\\/#breadcrumb\",\"itemListElement\":[{\"@type\":\"ListItem\",\"position\":1,\"name\":\"In\u00edcio\",\"item\":\"https:\\\/\\\/www.mm-sever.pt\\\/minas\\\/\"},{\"@type\":\"ListItem\",\"position\":2,\"name\":\"Bem-Vindo!\"}]},{\"@type\":\"WebSite\",\"@id\":\"https:\\\/\\\/www.mm-sever.pt\\\/minas\\\/#website\",\"url\":\"https:\\\/\\\/www.mm-sever.pt\\\/minas\\\/\",\"name\":\"Minas do Bra\u00e7al e Malhada\",\"description\":\"1\u00aa concess\u00e3o mineira de Portugal. \",\"publisher\":{\"@id\":\"https:\\\/\\\/www.mm-sever.pt\\\/minas\\\/#organization\"},\"potentialAction\":[{\"@type\":\"SearchAction\",\"target\":{\"@type\":\"EntryPoint\",\"urlTemplate\":\"https:\\\/\\\/www.mm-sever.pt\\\/minas\\\/?s={search_term_string}\"},\"query-input\":{\"@type\":\"PropertyValueSpecification\",\"valueRequired\":true,\"valueName\":\"search_term_string\"}}],\"inLanguage\":\"pt-PT\"},{\"@type\":\"Organization\",\"@id\":\"https:\\\/\\\/www.mm-sever.pt\\\/minas\\\/#organization\",\"name\":\"Museu Municipal de Sever do Vouga\",\"url\":\"https:\\\/\\\/www.mm-sever.pt\\\/minas\\\/\",\"logo\":{\"@type\":\"ImageObject\",\"inLanguage\":\"pt-PT\",\"@id\":\"https:\\\/\\\/www.mm-sever.pt\\\/minas\\\/#\\\/schema\\\/logo\\\/image\\\/\",\"url\":\"http:\\\/\\\/www.mm-sever.pt\\\/minas\\\/wp-content\\\/uploads\\\/2024\\\/02\\\/logo1280.jpg\",\"contentUrl\":\"http:\\\/\\\/www.mm-sever.pt\\\/minas\\\/wp-content\\\/uploads\\\/2024\\\/02\\\/logo1280.jpg\",\"width\":1280,\"height\":720,\"caption\":\"Museu Municipal de Sever do Vouga\"},\"image\":{\"@id\":\"https:\\\/\\\/www.mm-sever.pt\\\/minas\\\/#\\\/schema\\\/logo\\\/image\\\/\"},\"sameAs\":[\"https:\\\/\\\/www.facebook.com\\\/museudeseverdovouga\",\"https:\\\/\\\/www.instagram.com\\\/museudeseverdovouga\"]}]}<\/script>\n<!-- \/ Yoast SEO plugin. -->","yoast_head_json":{"title":"Bem-Vindo! - Minas do Bra\u00e7al e Malhada","robots":{"index":"index","follow":"follow","max-snippet":"max-snippet:-1","max-image-preview":"max-image-preview:large","max-video-preview":"max-video-preview:-1"},"canonical":"https:\/\/www.mm-sever.pt\/minas\/","og_locale":"pt_PT","og_type":"article","og_title":"Bem-Vindo! - Minas do Bra\u00e7al e Malhada","og_description":"O Munic\u00edpio de Sever do Vouga \u00e9 parceiro do Roteiro das Minas e Pontos de Interesse Geol\u00f3gico e Mineiro, deste 2020, tendo inscrito o local Minas do Bra\u00e7al e Malhada, com dois pontos, as pr\u00f3prias minas e o Museu Municipal, onde se encontra algum do esp\u00f3lio em exposi\u00e7\u00e3o. \u00c9 igualmente parceiro do Grupo Dinamizador da...","og_url":"https:\/\/www.mm-sever.pt\/minas\/","og_site_name":"Minas do Bra\u00e7al e Malhada","article_publisher":"https:\/\/www.facebook.com\/museudeseverdovouga","twitter_card":"summary_large_image","twitter_misc":{"Tempo estimado de leitura":"1 minuto"},"schema":{"@context":"https:\/\/schema.org","@graph":[{"@type":"WebPage","@id":"https:\/\/www.mm-sever.pt\/minas\/","url":"https:\/\/www.mm-sever.pt\/minas\/","name":"Bem-Vindo! - Minas do Bra\u00e7al e Malhada","isPartOf":{"@id":"https:\/\/www.mm-sever.pt\/minas\/#website"},"datePublished":"2024-02-28T10:00:00+00:00","breadcrumb":{"@id":"https:\/\/www.mm-sever.pt\/minas\/#breadcrumb"},"inLanguage":"pt-PT","potentialAction":[{"@type":"ReadAction","target":["https:\/\/www.mm-sever.pt\/minas\/"]}]},{"@type":"BreadcrumbList","@id":"https:\/\/www.mm-sever.pt\/minas\/#breadcrumb","itemListElement":[{"@type":"ListItem","position":1,"name":"In\u00edcio","item":"https:\/\/www.mm-sever.pt\/minas\/"},{"@type":"ListItem","position":2,"name":"Bem-Vindo!"}]},{"@type":"WebSite","@id":"https:\/\/www.mm-sever.pt\/minas\/#website","url":"https:\/\/www.mm-sever.pt\/minas\/","name":"Minas do Bra\u00e7al e Malhada","description":"1\u00aa concess\u00e3o mineira de Portugal. ","publisher":{"@id":"https:\/\/www.mm-sever.pt\/minas\/#organization"},"potentialAction":[{"@type":"SearchAction","target":{"@type":"EntryPoint","urlTemplate":"https:\/\/www.mm-sever.pt\/minas\/?s={search_term_string}"},"query-input":{"@type":"PropertyValueSpecification","valueRequired":true,"valueName":"search_term_string"}}],"inLanguage":"pt-PT"},{"@type":"Organization","@id":"https:\/\/www.mm-sever.pt\/minas\/#organization","name":"Museu Municipal de Sever do Vouga","url":"https:\/\/www.mm-sever.pt\/minas\/","logo":{"@type":"ImageObject","inLanguage":"pt-PT","@id":"https:\/\/www.mm-sever.pt\/minas\/#\/schema\/logo\/image\/","url":"http:\/\/www.mm-sever.pt\/minas\/wp-content\/uploads\/2024\/02\/logo1280.jpg","contentUrl":"http:\/\/www.mm-sever.pt\/minas\/wp-content\/uploads\/2024\/02\/logo1280.jpg","width":1280,"height":720,"caption":"Museu Municipal de Sever do Vouga"},"image":{"@id":"https:\/\/www.mm-sever.pt\/minas\/#\/schema\/logo\/image\/"},"sameAs":["https:\/\/www.facebook.com\/museudeseverdovouga","https:\/\/www.instagram.com\/museudeseverdovouga"]}]}},"_links":{"self":[{"href":"https:\/\/www.mm-sever.pt\/minas\/wp-json\/wp\/v2\/pages\/13","targetHints":{"allow":["GET"]}}],"collection":[{"href":"https:\/\/www.mm-sever.pt\/minas\/wp-json\/wp\/v2\/pages"}],"about":[{"href":"https:\/\/www.mm-sever.pt\/minas\/wp-json\/wp\/v2\/types\/page"}],"author":[{"embeddable":true,"href":"https:\/\/www.mm-sever.pt\/minas\/wp-json\/wp\/v2\/users\/1"}],"replies":[{"embeddable":true,"href":"https:\/\/www.mm-sever.pt\/minas\/wp-json\/wp\/v2\/comments?post=13"}],"version-history":[{"count":8,"href":"https:\/\/www.mm-sever.pt\/minas\/wp-json\/wp\/v2\/pages\/13\/revisions"}],"predecessor-version":[{"id":464,"href":"https:\/\/www.mm-sever.pt\/minas\/wp-json\/wp\/v2\/pages\/13\/revisions\/464"}],"wp:attachment":[{"href":"https:\/\/www.mm-sever.pt\/minas\/wp-json\/wp\/v2\/media?parent=13"}],"curies":[{"name":"wp","href":"https:\/\/api.w.org\/{rel}","templated":true}]}}

<p class="has-medium-font-size">O Município de Sever do Vouga é parceiro do <a href="http://www.roteirodeminas.pt/local.aspx?v=fe494e56-6f54-4af9-859b-a8bab5a71565" target="_blank" rel="noreferrer noopener">Roteiro das Minas e Pontos de Interesse Geológico e Mineiro</a>, deste 2020, tendo inscrito o local Minas do Braçal e Malhada, com dois pontos, as próprias minas e o Museu Municipal, onde se encontra algum do espólio em exposição.</p>



<p class="has-medium-font-size">É igualmente parceiro do <a href="https://business.turismodeportugal.pt/pt/Conhecer/programas-iniciativas/Paginas/turismo-industrial.aspx">Grupo Dinamizador da Rede Portuguesa do Turismo Industrial</a>.</p>



<p class="has-medium-font-size">É neste âmbito que surge este sítio na Internet. Aqui encontra um breve historial das minas, bem como as actividades programadas para cada ano e as condições de visita e acessibilidade.</p>



<div style="height:50px" aria-hidden="true" class="wp-block-spacer"></div>



<figure class="wp-block-embed is-type-video is-provider-youtube wp-block-embed-youtube wp-embed-aspect-16-9 wp-has-aspect-ratio"><div class="wp-block-embed__wrapper">
<iframe loading="lazy" title="Histórias de um mineiro do Braçal | António Anjos" width="640" height="360" src="https://www.youtube.com/embed/IwgIBbVIuVA?feature=oembed" frameborder="0" allow="accelerometer; autoplay; clipboard-write; encrypted-media; gyroscope; picture-in-picture; web-share" referrerpolicy="strict-origin-when-cross-origin" allowfullscreen></iframe>
</div></figure>



<div style="height:50px" aria-hidden="true" class="wp-block-spacer"></div>

<p>O Município de Sever do Vouga é parceiro do Roteiro das Minas e Pontos de Interesse Geológico e Mineiro, deste 2020, tendo inscrito o local Minas do Braçal e Malhada, com dois pontos, as próprias minas e o Museu Municipal, onde se encontra algum do espólio em exposição. É igualmente parceiro do Grupo Dinamizador da&#8230;</p>

<!-- This site is optimized with the Yoast SEO plugin v27.5 - https://yoast.com/product/yoast-seo-wordpress/ -->
<title>Bem-Vindo! - Minas do Braçal e Malhada</title>
<meta name="robots" content="index, follow, max-snippet:-1, max-image-preview:large, max-video-preview:-1" />
<link rel="canonical" href="https://www.mm-sever.pt/minas/" />
<meta property="og:locale" content="pt_PT" />
<meta property="og:type" content="article" />
<meta property="og:title" content="Bem-Vindo! - Minas do Braçal e Malhada" />
<meta property="og:description" content="O Município de Sever do Vouga é parceiro do Roteiro das Minas e Pontos de Interesse Geológico e Mineiro, deste 2020, tendo inscrito o local Minas do Braçal e Malhada, com dois pontos, as próprias minas e o Museu Municipal, onde se encontra algum do espólio em exposição. É igualmente parceiro do Grupo Dinamizador da..." />
<meta property="og:url" content="https://www.mm-sever.pt/minas/" />
<meta property="og:site_name" content="Minas do Braçal e Malhada" />
<meta property="article:publisher" content="https://www.facebook.com/museudeseverdovouga" />
<meta name="twitter:card" content="summary_large_image" />
<meta name="twitter:label1" content="Tempo estimado de leitura" />
	<meta name="twitter:data1" content="1 minuto" />
<script type="application/ld+json" class="yoast-schema-graph">{"@context":"https:\/\/schema.org","@graph":[{"@type":"WebPage","@id":"https:\/\/www.mm-sever.pt\/minas\/","url":"https:\/\/www.mm-sever.pt\/minas\/","name":"Bem-Vindo! - Minas do Braçal e Malhada","isPartOf":{"@id":"https:\/\/www.mm-sever.pt\/minas\/#website"},"datePublished":"2024-02-28T10:00:00+00:00","breadcrumb":{"@id":"https:\/\/www.mm-sever.pt\/minas\/#breadcrumb"},"inLanguage":"pt-PT","potentialAction":[{"@type":"ReadAction","target":["https:\/\/www.mm-sever.pt\/minas\/"]}]},{"@type":"BreadcrumbList","@id":"https:\/\/www.mm-sever.pt\/minas\/#breadcrumb","itemListElement":[{"@type":"ListItem","position":1,"name":"Início","item":"https:\/\/www.mm-sever.pt\/minas\/"},{"@type":"ListItem","position":2,"name":"Bem-Vindo!"}]},{"@type":"WebSite","@id":"https:\/\/www.mm-sever.pt\/minas\/#website","url":"https:\/\/www.mm-sever.pt\/minas\/","name":"Minas do Braçal e Malhada","description":"1ª concessão mineira de Portugal. ","publisher":{"@id":"https:\/\/www.mm-sever.pt\/minas\/#organization"},"potentialAction":[{"@type":"SearchAction","target":{"@type":"EntryPoint","urlTemplate":"https:\/\/www.mm-sever.pt\/minas\/?s={search_term_string}"},"query-input":{"@type":"PropertyValueSpecification","valueRequired":true,"valueName":"search_term_string"}}],"inLanguage":"pt-PT"},{"@type":"Organization","@id":"https:\/\/www.mm-sever.pt\/minas\/#organization","name":"Museu Municipal de Sever do Vouga","url":"https:\/\/www.mm-sever.pt\/minas\/","logo":{"@type":"ImageObject","inLanguage":"pt-PT","@id":"https:\/\/www.mm-sever.pt\/minas\/#\/schema\/logo\/image\/","url":"http:\/\/www.mm-sever.pt\/minas\/wp-content\/uploads\/2024\/02\/logo1280.jpg","contentUrl":"http:\/\/www.mm-sever.pt\/minas\/wp-content\/uploads\/2024\/02\/logo1280.jpg","width":1280,"height":720,"caption":"Museu Municipal de Sever do Vouga"},"image":{"@id":"https:\/\/www.mm-sever.pt\/minas\/#\/schema\/logo\/image\/"},"sameAs":["https:\/\/www.facebook.com\/museudeseverdovouga","https:\/\/www.instagram.com\/museudeseverdovouga"]}]}</script>
<!-- / Yoast SEO plugin. -->

Bem-Vindo! - Minas do Braçal e Malhada

O Município de Sever do Vouga é parceiro do Roteiro das Minas e Pontos de Interesse Geológico e Mineiro, deste 2020, tendo inscrito o local Minas do Braçal e Malhada, com dois pontos, as próprias minas e o Museu Municipal, onde se encontra algum do espólio em exposição. É igualmente parceiro do Grupo Dinamizador da...

Minas do Braçal e Malhada

Início

1ª concessão mineira de Portugal.
