{"id":469,"date":"2024-02-28T10:10:00","date_gmt":"2024-02-28T10:10:00","guid":{"rendered":"https:\/\/www.mm-sever.pt\/minas\/?page_id=469"},"modified":"2024-02-28T13:16:57","modified_gmt":"2024-02-28T13:16:57","slug":"2024-2","status":"publish","type":"page","link":"https:\/\/www.mm-sever.pt\/minas\/2024-2\/","title":{"rendered":"Actividades 2024"},"content":{"rendered":"\n<figure class=\"wp-block-image size-large\"><img loading=\"lazy\" decoding=\"async\" width=\"1024\" height=\"948\" src=\"http:\/\/www.mm-sever.pt\/minas\/wp-content\/uploads\/2024\/02\/Minas_Semanas-Copia-1024x948.jpg\" alt=\"\" class=\"wp-image-510\" srcset=\"https:\/\/www.mm-sever.pt\/minas\/wp-content\/uploads\/2024\/02\/Minas_Semanas-Copia-1024x948.jpg 1024w, https:\/\/www.mm-sever.pt\/minas\/wp-content\/uploads\/2024\/02\/Minas_Semanas-Copia-300x278.jpg 300w, https:\/\/www.mm-sever.pt\/minas\/wp-content\/uploads\/2024\/02\/Minas_Semanas-Copia-768x711.jpg 768w, https:\/\/www.mm-sever.pt\/minas\/wp-content\/uploads\/2024\/02\/Minas_Semanas-Copia-1536x1423.jpg 1536w, https:\/\/www.mm-sever.pt\/minas\/wp-content\/uploads\/2024\/02\/Minas_Semanas-Copia-850x787.jpg 850w, https:\/\/www.mm-sever.pt\/minas\/wp-content\/uploads\/2024\/02\/Minas_Semanas-Copia.jpg 1586w\" sizes=\"auto, (max-width: 1024px) 100vw, 1024px\" \/><\/figure>\n\n\n\n<div style=\"height:50px\" aria-hidden=\"true\" class=\"wp-block-spacer\"><\/div>\n\n\n\n<h2 class=\"wp-block-heading has-medium-font-size\">Mar\u00e7o<\/h2>\n\n\n\n<p class=\"has-medium-font-size\"><a href=\"https:\/\/roteirodasminas.dgeg.gov.pt\/pt\/noticiaseventos\/semana-dos-parceiros-2024\/\">Semana dos Parceiros do Roteiro de Minas<\/a> e Iniciativa \u00c0 Descoberta do Turismo Industrial<\/p>\n\n\n\n<ul class=\"wp-block-list\">\n<li class=\"has-medium-font-size\">17: <strong><a href=\"https:\/\/www.mm-sever.pt\/minas\/camfoto\/\">Caminhada Fotogr\u00e1fica<\/a><\/strong> (com concurso e pr\u00e9mios) <\/li>\n\n\n\n<li class=\"has-medium-font-size\">16, 24 e 30: <strong><a href=\"https:\/\/www.mm-sever.pt\/minas\/entrenhas\/\">Pelas entranhas da terra<\/a><\/strong> (Caminhada aqu\u00e1tica pelos t\u00faneis do rio Mau)<\/li>\n\n\n\n<li class=\"has-medium-font-size\">23 e 29: <strong><a href=\"https:\/\/www.mm-sever.pt\/minas\/visitasmarco\/\">Visitas guiadas<\/a><\/strong> \u00e0s Minas do Bra\u00e7al e Malhada e ao Museu<\/li>\n<\/ul>\n\n\n\n<p class=\"has-medium-font-size\">Para <strong>mais informa\u00e7\u00f5es e inscri\u00e7\u00f5es<\/strong> clique em cada actividade.<\/p>\n\n\n\n<figure class=\"wp-block-embed is-type-video is-provider-youtube wp-block-embed-youtube wp-embed-aspect-16-9 wp-has-aspect-ratio\"><div class=\"wp-block-embed__wrapper\">\n<iframe loading=\"lazy\" title=\"Minas do Bra\u00e7al | Actividades 2024\" width=\"640\" height=\"360\" src=\"https:\/\/www.youtube.com\/embed\/c_5C8dDNkMA?feature=oembed\" frameborder=\"0\" allow=\"accelerometer; autoplay; clipboard-write; encrypted-media; gyroscope; picture-in-picture; web-share\" referrerpolicy=\"strict-origin-when-cross-origin\" allowfullscreen><\/iframe>\n<\/div><\/figure>\n\n\n\n<div style=\"height:50px\" aria-hidden=\"true\" class=\"wp-block-spacer\"><\/div>\n\n\n\n<h2 class=\"wp-block-heading\">Abril a Setembro : Visitas Guiadas<\/h2>\n\n\n\n<p class=\"has-medium-font-size\"><strong>Visitas Guiadas<\/strong> nos \u00faltimos S\u00e1bados e Domingos de cada m\u00eas. <a href=\"https:\/\/www.mm-sever.pt\/minas\/visitas-guiadas-abril-a-setembro\/\">+ info e inscri\u00e7\u00f5es<\/a> <\/p>\n\n\n\n<figure class=\"wp-block-embed is-type-video is-provider-youtube wp-block-embed-youtube wp-embed-aspect-16-9 wp-has-aspect-ratio\"><div class=\"wp-block-embed__wrapper\">\n<iframe loading=\"lazy\" title=\"Visita \u00e0s Minas da Malhada e Bra\u00e7al - Reportagem SIC\" width=\"640\" height=\"360\" src=\"https:\/\/www.youtube.com\/embed\/XzE0b0OmWgI?feature=oembed\" frameborder=\"0\" allow=\"accelerometer; autoplay; clipboard-write; encrypted-media; gyroscope; picture-in-picture; web-share\" referrerpolicy=\"strict-origin-when-cross-origin\" allowfullscreen><\/iframe>\n<\/div><\/figure>\n","protected":false},"excerpt":{"rendered":"<p>Mar\u00e7o Semana dos Parceiros do Roteiro de Minas e Iniciativa \u00c0 Descoberta do Turismo Industrial Para mais informa\u00e7\u00f5es e inscri\u00e7\u00f5es clique em cada actividade. Abril a Setembro : Visitas Guiadas Visitas Guiadas nos \u00faltimos S\u00e1bados e Domingos de cada m\u00eas. + info e inscri\u00e7\u00f5es<\/p>\n","protected":false},"author":1,"featured_media":0,"parent":0,"menu_order":0,"comment_status":"closed","ping_status":"closed","template":"","meta":{"footnotes":""},"class_list":["post-469","page","type-page","status-publish","hentry"],"yoast_head":"<!-- This site is optimized with the Yoast SEO plugin v27.5 - https:\/\/yoast.com\/product\/yoast-seo-wordpress\/ -->\n<title>Actividades 2024 - Minas do Bra\u00e7al e Malhada<\/title>\n<meta name=\"robots\" content=\"index, follow, max-snippet:-1, max-image-preview:large, max-video-preview:-1\" \/>\n<link rel=\"canonical\" href=\"https:\/\/www.mm-sever.pt\/minas\/2024-2\/\" \/>\n<meta property=\"og:locale\" content=\"pt_PT\" \/>\n<meta property=\"og:type\" content=\"article\" \/>\n<meta property=\"og:title\" content=\"Actividades 2024 - Minas do Bra\u00e7al e Malhada\" \/>\n<meta property=\"og:description\" content=\"Mar\u00e7o Semana dos Parceiros do Roteiro de Minas e Iniciativa \u00c0 Descoberta do Turismo Industrial Para mais informa\u00e7\u00f5es e inscri\u00e7\u00f5es clique em cada actividade. Abril a Setembro : Visitas Guiadas Visitas Guiadas nos \u00faltimos S\u00e1bados e Domingos de cada m\u00eas. + info e inscri\u00e7\u00f5es\" \/>\n<meta property=\"og:url\" content=\"https:\/\/www.mm-sever.pt\/minas\/2024-2\/\" \/>\n<meta property=\"og:site_name\" content=\"Minas do Bra\u00e7al e Malhada\" \/>\n<meta property=\"article:publisher\" content=\"https:\/\/www.facebook.com\/museudeseverdovouga\" \/>\n<meta property=\"article:modified_time\" content=\"2024-02-28T13:16:57+00:00\" \/>\n<meta property=\"og:image\" content=\"http:\/\/www.mm-sever.pt\/minas\/wp-content\/uploads\/2024\/02\/Minas_Semanas-Copia-1024x948.jpg\" \/>\n<meta name=\"twitter:card\" content=\"summary_large_image\" \/>\n<meta name=\"twitter:label1\" content=\"Tempo estimado de leitura\" \/>\n\t<meta name=\"twitter:data1\" content=\"1 minuto\" \/>\n<script type=\"application\/ld+json\" class=\"yoast-schema-graph\">{\"@context\":\"https:\\\/\\\/schema.org\",\"@graph\":[{\"@type\":\"WebPage\",\"@id\":\"https:\\\/\\\/www.mm-sever.pt\\\/minas\\\/2024-2\\\/\",\"url\":\"https:\\\/\\\/www.mm-sever.pt\\\/minas\\\/2024-2\\\/\",\"name\":\"Actividades 2024 - Minas do Bra\u00e7al e Malhada\",\"isPartOf\":{\"@id\":\"https:\\\/\\\/www.mm-sever.pt\\\/minas\\\/#website\"},\"primaryImageOfPage\":{\"@id\":\"https:\\\/\\\/www.mm-sever.pt\\\/minas\\\/2024-2\\\/#primaryimage\"},\"image\":{\"@id\":\"https:\\\/\\\/www.mm-sever.pt\\\/minas\\\/2024-2\\\/#primaryimage\"},\"thumbnailUrl\":\"http:\\\/\\\/www.mm-sever.pt\\\/minas\\\/wp-content\\\/uploads\\\/2024\\\/02\\\/Minas_Semanas-Copia-1024x948.jpg\",\"datePublished\":\"2024-02-28T10:10:00+00:00\",\"dateModified\":\"2024-02-28T13:16:57+00:00\",\"breadcrumb\":{\"@id\":\"https:\\\/\\\/www.mm-sever.pt\\\/minas\\\/2024-2\\\/#breadcrumb\"},\"inLanguage\":\"pt-PT\",\"potentialAction\":[{\"@type\":\"ReadAction\",\"target\":[\"https:\\\/\\\/www.mm-sever.pt\\\/minas\\\/2024-2\\\/\"]}]},{\"@type\":\"ImageObject\",\"inLanguage\":\"pt-PT\",\"@id\":\"https:\\\/\\\/www.mm-sever.pt\\\/minas\\\/2024-2\\\/#primaryimage\",\"url\":\"https:\\\/\\\/www.mm-sever.pt\\\/minas\\\/wp-content\\\/uploads\\\/2024\\\/02\\\/Minas_Semanas-Copia.jpg\",\"contentUrl\":\"https:\\\/\\\/www.mm-sever.pt\\\/minas\\\/wp-content\\\/uploads\\\/2024\\\/02\\\/Minas_Semanas-Copia.jpg\",\"width\":1586,\"height\":1469},{\"@type\":\"BreadcrumbList\",\"@id\":\"https:\\\/\\\/www.mm-sever.pt\\\/minas\\\/2024-2\\\/#breadcrumb\",\"itemListElement\":[{\"@type\":\"ListItem\",\"position\":1,\"name\":\"In\u00edcio\",\"item\":\"https:\\\/\\\/www.mm-sever.pt\\\/minas\\\/\"},{\"@type\":\"ListItem\",\"position\":2,\"name\":\"Actividades 2024\"}]},{\"@type\":\"WebSite\",\"@id\":\"https:\\\/\\\/www.mm-sever.pt\\\/minas\\\/#website\",\"url\":\"https:\\\/\\\/www.mm-sever.pt\\\/minas\\\/\",\"name\":\"Minas do Bra\u00e7al e Malhada\",\"description\":\"1\u00aa concess\u00e3o mineira de Portugal. \",\"publisher\":{\"@id\":\"https:\\\/\\\/www.mm-sever.pt\\\/minas\\\/#organization\"},\"potentialAction\":[{\"@type\":\"SearchAction\",\"target\":{\"@type\":\"EntryPoint\",\"urlTemplate\":\"https:\\\/\\\/www.mm-sever.pt\\\/minas\\\/?s={search_term_string}\"},\"query-input\":{\"@type\":\"PropertyValueSpecification\",\"valueRequired\":true,\"valueName\":\"search_term_string\"}}],\"inLanguage\":\"pt-PT\"},{\"@type\":\"Organization\",\"@id\":\"https:\\\/\\\/www.mm-sever.pt\\\/minas\\\/#organization\",\"name\":\"Museu Municipal de Sever do Vouga\",\"url\":\"https:\\\/\\\/www.mm-sever.pt\\\/minas\\\/\",\"logo\":{\"@type\":\"ImageObject\",\"inLanguage\":\"pt-PT\",\"@id\":\"https:\\\/\\\/www.mm-sever.pt\\\/minas\\\/#\\\/schema\\\/logo\\\/image\\\/\",\"url\":\"http:\\\/\\\/www.mm-sever.pt\\\/minas\\\/wp-content\\\/uploads\\\/2024\\\/02\\\/logo1280.jpg\",\"contentUrl\":\"http:\\\/\\\/www.mm-sever.pt\\\/minas\\\/wp-content\\\/uploads\\\/2024\\\/02\\\/logo1280.jpg\",\"width\":1280,\"height\":720,\"caption\":\"Museu Municipal de Sever do Vouga\"},\"image\":{\"@id\":\"https:\\\/\\\/www.mm-sever.pt\\\/minas\\\/#\\\/schema\\\/logo\\\/image\\\/\"},\"sameAs\":[\"https:\\\/\\\/www.facebook.com\\\/museudeseverdovouga\",\"https:\\\/\\\/www.instagram.com\\\/museudeseverdovouga\"]}]}<\/script>\n<!-- \/ Yoast SEO plugin. -->","yoast_head_json":{"title":"Actividades 2024 - Minas do Bra\u00e7al e Malhada","robots":{"index":"index","follow":"follow","max-snippet":"max-snippet:-1","max-image-preview":"max-image-preview:large","max-video-preview":"max-video-preview:-1"},"canonical":"https:\/\/www.mm-sever.pt\/minas\/2024-2\/","og_locale":"pt_PT","og_type":"article","og_title":"Actividades 2024 - Minas do Bra\u00e7al e Malhada","og_description":"Mar\u00e7o Semana dos Parceiros do Roteiro de Minas e Iniciativa \u00c0 Descoberta do Turismo Industrial Para mais informa\u00e7\u00f5es e inscri\u00e7\u00f5es clique em cada actividade. Abril a Setembro : Visitas Guiadas Visitas Guiadas nos \u00faltimos S\u00e1bados e Domingos de cada m\u00eas. + info e inscri\u00e7\u00f5es","og_url":"https:\/\/www.mm-sever.pt\/minas\/2024-2\/","og_site_name":"Minas do Bra\u00e7al e Malhada","article_publisher":"https:\/\/www.facebook.com\/museudeseverdovouga","article_modified_time":"2024-02-28T13:16:57+00:00","og_image":[{"url":"http:\/\/www.mm-sever.pt\/minas\/wp-content\/uploads\/2024\/02\/Minas_Semanas-Copia-1024x948.jpg","type":"","width":"","height":""}],"twitter_card":"summary_large_image","twitter_misc":{"Tempo estimado de leitura":"1 minuto"},"schema":{"@context":"https:\/\/schema.org","@graph":[{"@type":"WebPage","@id":"https:\/\/www.mm-sever.pt\/minas\/2024-2\/","url":"https:\/\/www.mm-sever.pt\/minas\/2024-2\/","name":"Actividades 2024 - Minas do Bra\u00e7al e Malhada","isPartOf":{"@id":"https:\/\/www.mm-sever.pt\/minas\/#website"},"primaryImageOfPage":{"@id":"https:\/\/www.mm-sever.pt\/minas\/2024-2\/#primaryimage"},"image":{"@id":"https:\/\/www.mm-sever.pt\/minas\/2024-2\/#primaryimage"},"thumbnailUrl":"http:\/\/www.mm-sever.pt\/minas\/wp-content\/uploads\/2024\/02\/Minas_Semanas-Copia-1024x948.jpg","datePublished":"2024-02-28T10:10:00+00:00","dateModified":"2024-02-28T13:16:57+00:00","breadcrumb":{"@id":"https:\/\/www.mm-sever.pt\/minas\/2024-2\/#breadcrumb"},"inLanguage":"pt-PT","potentialAction":[{"@type":"ReadAction","target":["https:\/\/www.mm-sever.pt\/minas\/2024-2\/"]}]},{"@type":"ImageObject","inLanguage":"pt-PT","@id":"https:\/\/www.mm-sever.pt\/minas\/2024-2\/#primaryimage","url":"https:\/\/www.mm-sever.pt\/minas\/wp-content\/uploads\/2024\/02\/Minas_Semanas-Copia.jpg","contentUrl":"https:\/\/www.mm-sever.pt\/minas\/wp-content\/uploads\/2024\/02\/Minas_Semanas-Copia.jpg","width":1586,"height":1469},{"@type":"BreadcrumbList","@id":"https:\/\/www.mm-sever.pt\/minas\/2024-2\/#breadcrumb","itemListElement":[{"@type":"ListItem","position":1,"name":"In\u00edcio","item":"https:\/\/www.mm-sever.pt\/minas\/"},{"@type":"ListItem","position":2,"name":"Actividades 2024"}]},{"@type":"WebSite","@id":"https:\/\/www.mm-sever.pt\/minas\/#website","url":"https:\/\/www.mm-sever.pt\/minas\/","name":"Minas do Bra\u00e7al e Malhada","description":"1\u00aa concess\u00e3o mineira de Portugal. ","publisher":{"@id":"https:\/\/www.mm-sever.pt\/minas\/#organization"},"potentialAction":[{"@type":"SearchAction","target":{"@type":"EntryPoint","urlTemplate":"https:\/\/www.mm-sever.pt\/minas\/?s={search_term_string}"},"query-input":{"@type":"PropertyValueSpecification","valueRequired":true,"valueName":"search_term_string"}}],"inLanguage":"pt-PT"},{"@type":"Organization","@id":"https:\/\/www.mm-sever.pt\/minas\/#organization","name":"Museu Municipal de Sever do Vouga","url":"https:\/\/www.mm-sever.pt\/minas\/","logo":{"@type":"ImageObject","inLanguage":"pt-PT","@id":"https:\/\/www.mm-sever.pt\/minas\/#\/schema\/logo\/image\/","url":"http:\/\/www.mm-sever.pt\/minas\/wp-content\/uploads\/2024\/02\/logo1280.jpg","contentUrl":"http:\/\/www.mm-sever.pt\/minas\/wp-content\/uploads\/2024\/02\/logo1280.jpg","width":1280,"height":720,"caption":"Museu Municipal de Sever do Vouga"},"image":{"@id":"https:\/\/www.mm-sever.pt\/minas\/#\/schema\/logo\/image\/"},"sameAs":["https:\/\/www.facebook.com\/museudeseverdovouga","https:\/\/www.instagram.com\/museudeseverdovouga"]}]}},"_links":{"self":[{"href":"https:\/\/www.mm-sever.pt\/minas\/wp-json\/wp\/v2\/pages\/469","targetHints":{"allow":["GET"]}}],"collection":[{"href":"https:\/\/www.mm-sever.pt\/minas\/wp-json\/wp\/v2\/pages"}],"about":[{"href":"https:\/\/www.mm-sever.pt\/minas\/wp-json\/wp\/v2\/types\/page"}],"author":[{"embeddable":true,"href":"https:\/\/www.mm-sever.pt\/minas\/wp-json\/wp\/v2\/users\/1"}],"replies":[{"embeddable":true,"href":"https:\/\/www.mm-sever.pt\/minas\/wp-json\/wp\/v2\/comments?post=469"}],"version-history":[{"count":3,"href":"https:\/\/www.mm-sever.pt\/minas\/wp-json\/wp\/v2\/pages\/469\/revisions"}],"predecessor-version":[{"id":512,"href":"https:\/\/www.mm-sever.pt\/minas\/wp-json\/wp\/v2\/pages\/469\/revisions\/512"}],"wp:attachment":[{"href":"https:\/\/www.mm-sever.pt\/minas\/wp-json\/wp\/v2\/media?parent=469"}],"curies":[{"name":"wp","href":"https:\/\/api.w.org\/{rel}","templated":true}]}}