{"id":472,"date":"2024-02-28T10:00:00","date_gmt":"2024-02-28T10:00:00","guid":{"rendered":"https:\/\/www.mm-sever.pt\/minas\/?page_id=472"},"modified":"2024-02-28T10:12:58","modified_gmt":"2024-02-28T10:12:58","slug":"entrenhas","status":"publish","type":"page","link":"https:\/\/www.mm-sever.pt\/minas\/entrenhas\/","title":{"rendered":"Pelas Entranhas da Terra"},"content":{"rendered":"\n<blockquote class=\"wp-block-quote is-layout-flow wp-block-quote-is-layout-flow\">\n<p class=\"has-medium-font-size\"><em>Nascido na serra do Arestal, este rio passa de Bom a Mau nas proximidades daquele que \u00e9 o seu ponto mais conhecido &#8211; a Cascata da Cabreia. No entanto, o seu tro\u00e7o mais desconhecido e surpreendente surge a jusante, na zona do antigo complexo das Minas do Bra\u00e7al &#8211; a mais antiga concess\u00e3o mineira de Portugal.<br>A minera\u00e7\u00e3o operou muta\u00e7\u00f5es significativas na paisagem, quer atrav\u00e9s dos trabalhos mineiros quer pelas infraestruturas necess\u00e1rias. A imposi\u00e7\u00e3o de desviar a \u00e1gua dos locais de minera\u00e7\u00e3o exigiu a constru\u00e7\u00e3o de condutas, t\u00faneis e canais, servindo para mover as pesadas rodas hidr\u00e1ulicas gerando energia.<br>Alguns desses t\u00faneis oferecem a possibilidade de ser percorridos, numa aventura repleta de mist\u00e9rio e que nunca esquecer\u00e1s.<br>Tem veias de explorador? Quer transformar-se num ca\u00e7ador de mem\u00f3rias, de experi\u00eancias e de sensa\u00e7\u00f5es vividas pelos antigos mineiros?<\/em><\/p>\n<cite>N\u00f3s acompanhamos!<\/cite><\/blockquote>\n\n\n\n<figure class=\"wp-block-image size-large\"><img loading=\"lazy\" decoding=\"async\" width=\"1024\" height=\"1024\" src=\"https:\/\/www.mm-sever.pt\/minas\/wp-content\/uploads\/2024\/02\/entranhas2024-1024x1024.jpg\" alt=\"\" class=\"wp-image-473\" srcset=\"https:\/\/www.mm-sever.pt\/minas\/wp-content\/uploads\/2024\/02\/entranhas2024-1024x1024.jpg 1024w, https:\/\/www.mm-sever.pt\/minas\/wp-content\/uploads\/2024\/02\/entranhas2024-300x300.jpg 300w, https:\/\/www.mm-sever.pt\/minas\/wp-content\/uploads\/2024\/02\/entranhas2024-150x150.jpg 150w, https:\/\/www.mm-sever.pt\/minas\/wp-content\/uploads\/2024\/02\/entranhas2024-768x768.jpg 768w, https:\/\/www.mm-sever.pt\/minas\/wp-content\/uploads\/2024\/02\/entranhas2024-850x850.jpg 850w, https:\/\/www.mm-sever.pt\/minas\/wp-content\/uploads\/2024\/02\/entranhas2024.jpg 1080w\" sizes=\"auto, (max-width: 1024px) 100vw, 1024px\" \/><\/figure>\n\n\n\n<div style=\"height:50px\" aria-hidden=\"true\" class=\"wp-block-spacer\"><\/div>\n\n\n\n<p class=\"has-medium-font-size\">A Actividade tem in\u00edcio \u00e0s 9h na Malhada (<a href=\"https:\/\/goo.gl\/maps\/AMSerTj2coERMwPa6\">acesso da Aldeia do Folharido \u00e0s Minas do Bra\u00e7al<\/a>) e t\u00e9rmino previsto pelas 13h30.<\/p>\n\n\n\n<p class=\"has-medium-font-size\"><strong>37\u20ac por participante, inclu<\/strong>i:<\/p>\n\n\n\n<ul class=\"wp-block-list\">\n<li class=\"has-medium-font-size\">Seguro de acidentes pessoais e de responsabilidade civil; <\/li>\n\n\n\n<li class=\"has-medium-font-size\">Reconhecimento dos locais de realiza\u00e7\u00e3o das atividades;<\/li>\n\n\n\n<li class=\"has-medium-font-size\">Conce\u00e7\u00e3o, desenho e implementa\u00e7\u00e3o do programa;<\/li>\n\n\n\n<li class=\"has-medium-font-size\">Enquadramento t\u00e9cnico permanente por monitores;<\/li>\n\n\n\n<li class=\"has-medium-font-size\">IVA \u00e0 taxa legal em vigor.<\/li>\n<\/ul>\n\n\n\n<p class=\"has-medium-font-size\">N\u00e3o inclui alojamento, transporte e alimenta\u00e7\u00e3o dos participantes;<\/p>\n\n\n\n<p class=\"has-medium-font-size\"><strong>A actividade ser\u00e1 desenvolvida pela&nbsp;<a href=\"https:\/\/www.facebook.com\/desafios.da\">Desafios<\/a><\/strong> &#8211; Desporto e Aventura, empresa de anima\u00e7\u00e3o tur\u00edstica com o RNAT 218\/2011.<\/p>\n\n\n\n<p class=\"has-medium-font-size\"><strong>Equipamento necess\u00e1rio (participantes)<\/strong><br>Para actividades de \u00e1gua \u00e9 necess\u00e1rio: roupa para a \u00e1gua (cal\u00e7\u00f5es \/ fato de banho \/ biqu\u00edni); cal\u00e7ado para a \u00e1gua (sapatilhas) e toalha.<\/p>\n\n\n\n<p class=\"has-medium-font-size\"><strong>Equipamento fornecido (desafios)<\/strong><br>Todo o equipamento t\u00e9cnico e de seguran\u00e7a homologado inerente \u00e0 realiza\u00e7\u00e3o das atividades. T-Shirt Licra, Fato de Neopreno, Capacete, Lanterna Frontal.<\/p>\n\n\n\n<p class=\"has-medium-font-size\"><strong>Informa\u00e7\u00f5es adicionais<\/strong><br>Contactar Bruno Costa (Desafios) &#8211; 934 134 428<\/p>\n\n\n\n<div style=\"height:10px\" aria-hidden=\"true\" class=\"wp-block-spacer\"><\/div>\n\n\n\n<div class=\"wp-block-buttons is-layout-flex wp-block-buttons-is-layout-flex\"><\/div>\n\n\n\n<div style=\"height:30px\" aria-hidden=\"true\" class=\"wp-block-spacer\"><\/div>\n\n\n\n<div class=\"wp-block-media-text is-stacked-on-mobile\"><figure class=\"wp-block-media-text__media\"><img loading=\"lazy\" decoding=\"async\" width=\"768\" height=\"768\" src=\"https:\/\/www.mm-sever.pt\/minas\/wp-content\/uploads\/2024\/02\/collage2A-768x768-1.jpeg\" alt=\"\" class=\"wp-image-483 size-full\" srcset=\"https:\/\/www.mm-sever.pt\/minas\/wp-content\/uploads\/2024\/02\/collage2A-768x768-1.jpeg 768w, https:\/\/www.mm-sever.pt\/minas\/wp-content\/uploads\/2024\/02\/collage2A-768x768-1-300x300.jpeg 300w, https:\/\/www.mm-sever.pt\/minas\/wp-content\/uploads\/2024\/02\/collage2A-768x768-1-150x150.jpeg 150w\" sizes=\"auto, (max-width: 768px) 100vw, 768px\" \/><\/figure><div class=\"wp-block-media-text__content\">\n<p class=\"has-large-font-size\">Leia sobre a experi\u00eancia do ano passado <a href=\"https:\/\/www.mm-sever.pt\/pelas-entranhas-do-bracal-e-malhada-desafio-superado\/\">aqui<\/a>.<\/p>\n<\/div><\/div>\n\n\n\n<div style=\"height:30px\" aria-hidden=\"true\" class=\"wp-block-spacer\"><\/div>\n\n\n<div class=\"wp-block-post-date__modified-date wp-block-post-date\"><time datetime=\"2024-02-28T10:12:58+00:00\">28\/02\/2024<\/time><\/div>","protected":false},"excerpt":{"rendered":"<p>Nascido na serra do Arestal, este rio passa de Bom a Mau nas proximidades daquele que \u00e9 o seu ponto mais conhecido &#8211; a Cascata da Cabreia. No entanto, o seu tro\u00e7o mais desconhecido e surpreendente surge a jusante, na zona do antigo complexo das Minas do Bra\u00e7al &#8211; a mais antiga concess\u00e3o mineira de&#8230;<\/p>\n","protected":false},"author":1,"featured_media":0,"parent":0,"menu_order":0,"comment_status":"closed","ping_status":"closed","template":"","meta":{"footnotes":""},"class_list":["post-472","page","type-page","status-publish","hentry"],"yoast_head":"<!-- This site is optimized with the Yoast SEO plugin v27.5 - https:\/\/yoast.com\/product\/yoast-seo-wordpress\/ -->\n<title>Pelas Entranhas da Terra - Minas do Bra\u00e7al e Malhada<\/title>\n<meta name=\"robots\" content=\"index, follow, max-snippet:-1, max-image-preview:large, max-video-preview:-1\" \/>\n<link rel=\"canonical\" href=\"https:\/\/www.mm-sever.pt\/minas\/entrenhas\/\" \/>\n<meta property=\"og:locale\" content=\"pt_PT\" \/>\n<meta property=\"og:type\" content=\"article\" \/>\n<meta property=\"og:title\" content=\"Pelas Entranhas da Terra - Minas do Bra\u00e7al e Malhada\" \/>\n<meta property=\"og:description\" content=\"Nascido na serra do Arestal, este rio passa de Bom a Mau nas proximidades daquele que \u00e9 o seu ponto mais conhecido &#8211; a Cascata da Cabreia. No entanto, o seu tro\u00e7o mais desconhecido e surpreendente surge a jusante, na zona do antigo complexo das Minas do Bra\u00e7al &#8211; a mais antiga concess\u00e3o mineira de...\" \/>\n<meta property=\"og:url\" content=\"https:\/\/www.mm-sever.pt\/minas\/entrenhas\/\" \/>\n<meta property=\"og:site_name\" content=\"Minas do Bra\u00e7al e Malhada\" \/>\n<meta property=\"article:publisher\" content=\"https:\/\/www.facebook.com\/museudeseverdovouga\" \/>\n<meta property=\"article:modified_time\" content=\"2024-02-28T10:12:58+00:00\" \/>\n<meta property=\"og:image\" content=\"https:\/\/www.mm-sever.pt\/minas\/wp-content\/uploads\/2024\/02\/entranhas2024-1024x1024.jpg\" \/>\n<meta name=\"twitter:card\" content=\"summary_large_image\" \/>\n<meta name=\"twitter:label1\" content=\"Tempo estimado de leitura\" \/>\n\t<meta name=\"twitter:data1\" content=\"2 minutos\" \/>\n<script type=\"application\/ld+json\" class=\"yoast-schema-graph\">{\"@context\":\"https:\\\/\\\/schema.org\",\"@graph\":[{\"@type\":\"WebPage\",\"@id\":\"https:\\\/\\\/www.mm-sever.pt\\\/minas\\\/entrenhas\\\/\",\"url\":\"https:\\\/\\\/www.mm-sever.pt\\\/minas\\\/entrenhas\\\/\",\"name\":\"Pelas Entranhas da Terra - Minas do Bra\u00e7al e Malhada\",\"isPartOf\":{\"@id\":\"https:\\\/\\\/www.mm-sever.pt\\\/minas\\\/#website\"},\"primaryImageOfPage\":{\"@id\":\"https:\\\/\\\/www.mm-sever.pt\\\/minas\\\/entrenhas\\\/#primaryimage\"},\"image\":{\"@id\":\"https:\\\/\\\/www.mm-sever.pt\\\/minas\\\/entrenhas\\\/#primaryimage\"},\"thumbnailUrl\":\"https:\\\/\\\/www.mm-sever.pt\\\/minas\\\/wp-content\\\/uploads\\\/2024\\\/02\\\/entranhas2024-1024x1024.jpg\",\"datePublished\":\"2024-02-28T10:00:00+00:00\",\"dateModified\":\"2024-02-28T10:12:58+00:00\",\"breadcrumb\":{\"@id\":\"https:\\\/\\\/www.mm-sever.pt\\\/minas\\\/entrenhas\\\/#breadcrumb\"},\"inLanguage\":\"pt-PT\",\"potentialAction\":[{\"@type\":\"ReadAction\",\"target\":[\"https:\\\/\\\/www.mm-sever.pt\\\/minas\\\/entrenhas\\\/\"]}]},{\"@type\":\"ImageObject\",\"inLanguage\":\"pt-PT\",\"@id\":\"https:\\\/\\\/www.mm-sever.pt\\\/minas\\\/entrenhas\\\/#primaryimage\",\"url\":\"https:\\\/\\\/www.mm-sever.pt\\\/minas\\\/wp-content\\\/uploads\\\/2024\\\/02\\\/entranhas2024.jpg\",\"contentUrl\":\"https:\\\/\\\/www.mm-sever.pt\\\/minas\\\/wp-content\\\/uploads\\\/2024\\\/02\\\/entranhas2024.jpg\",\"width\":1080,\"height\":1080},{\"@type\":\"BreadcrumbList\",\"@id\":\"https:\\\/\\\/www.mm-sever.pt\\\/minas\\\/entrenhas\\\/#breadcrumb\",\"itemListElement\":[{\"@type\":\"ListItem\",\"position\":1,\"name\":\"In\u00edcio\",\"item\":\"https:\\\/\\\/www.mm-sever.pt\\\/minas\\\/\"},{\"@type\":\"ListItem\",\"position\":2,\"name\":\"Pelas Entranhas da Terra\"}]},{\"@type\":\"WebSite\",\"@id\":\"https:\\\/\\\/www.mm-sever.pt\\\/minas\\\/#website\",\"url\":\"https:\\\/\\\/www.mm-sever.pt\\\/minas\\\/\",\"name\":\"Minas do Bra\u00e7al e Malhada\",\"description\":\"1\u00aa concess\u00e3o mineira de Portugal. \",\"publisher\":{\"@id\":\"https:\\\/\\\/www.mm-sever.pt\\\/minas\\\/#organization\"},\"potentialAction\":[{\"@type\":\"SearchAction\",\"target\":{\"@type\":\"EntryPoint\",\"urlTemplate\":\"https:\\\/\\\/www.mm-sever.pt\\\/minas\\\/?s={search_term_string}\"},\"query-input\":{\"@type\":\"PropertyValueSpecification\",\"valueRequired\":true,\"valueName\":\"search_term_string\"}}],\"inLanguage\":\"pt-PT\"},{\"@type\":\"Organization\",\"@id\":\"https:\\\/\\\/www.mm-sever.pt\\\/minas\\\/#organization\",\"name\":\"Museu Municipal de Sever do Vouga\",\"url\":\"https:\\\/\\\/www.mm-sever.pt\\\/minas\\\/\",\"logo\":{\"@type\":\"ImageObject\",\"inLanguage\":\"pt-PT\",\"@id\":\"https:\\\/\\\/www.mm-sever.pt\\\/minas\\\/#\\\/schema\\\/logo\\\/image\\\/\",\"url\":\"http:\\\/\\\/www.mm-sever.pt\\\/minas\\\/wp-content\\\/uploads\\\/2024\\\/02\\\/logo1280.jpg\",\"contentUrl\":\"http:\\\/\\\/www.mm-sever.pt\\\/minas\\\/wp-content\\\/uploads\\\/2024\\\/02\\\/logo1280.jpg\",\"width\":1280,\"height\":720,\"caption\":\"Museu Municipal de Sever do Vouga\"},\"image\":{\"@id\":\"https:\\\/\\\/www.mm-sever.pt\\\/minas\\\/#\\\/schema\\\/logo\\\/image\\\/\"},\"sameAs\":[\"https:\\\/\\\/www.facebook.com\\\/museudeseverdovouga\",\"https:\\\/\\\/www.instagram.com\\\/museudeseverdovouga\"]}]}<\/script>\n<!-- \/ Yoast SEO plugin. -->","yoast_head_json":{"title":"Pelas Entranhas da Terra - Minas do Bra\u00e7al e Malhada","robots":{"index":"index","follow":"follow","max-snippet":"max-snippet:-1","max-image-preview":"max-image-preview:large","max-video-preview":"max-video-preview:-1"},"canonical":"https:\/\/www.mm-sever.pt\/minas\/entrenhas\/","og_locale":"pt_PT","og_type":"article","og_title":"Pelas Entranhas da Terra - Minas do Bra\u00e7al e Malhada","og_description":"Nascido na serra do Arestal, este rio passa de Bom a Mau nas proximidades daquele que \u00e9 o seu ponto mais conhecido &#8211; a Cascata da Cabreia. No entanto, o seu tro\u00e7o mais desconhecido e surpreendente surge a jusante, na zona do antigo complexo das Minas do Bra\u00e7al &#8211; a mais antiga concess\u00e3o mineira de...","og_url":"https:\/\/www.mm-sever.pt\/minas\/entrenhas\/","og_site_name":"Minas do Bra\u00e7al e Malhada","article_publisher":"https:\/\/www.facebook.com\/museudeseverdovouga","article_modified_time":"2024-02-28T10:12:58+00:00","og_image":[{"url":"https:\/\/www.mm-sever.pt\/minas\/wp-content\/uploads\/2024\/02\/entranhas2024-1024x1024.jpg","type":"","width":"","height":""}],"twitter_card":"summary_large_image","twitter_misc":{"Tempo estimado de leitura":"2 minutos"},"schema":{"@context":"https:\/\/schema.org","@graph":[{"@type":"WebPage","@id":"https:\/\/www.mm-sever.pt\/minas\/entrenhas\/","url":"https:\/\/www.mm-sever.pt\/minas\/entrenhas\/","name":"Pelas Entranhas da Terra - Minas do Bra\u00e7al e Malhada","isPartOf":{"@id":"https:\/\/www.mm-sever.pt\/minas\/#website"},"primaryImageOfPage":{"@id":"https:\/\/www.mm-sever.pt\/minas\/entrenhas\/#primaryimage"},"image":{"@id":"https:\/\/www.mm-sever.pt\/minas\/entrenhas\/#primaryimage"},"thumbnailUrl":"https:\/\/www.mm-sever.pt\/minas\/wp-content\/uploads\/2024\/02\/entranhas2024-1024x1024.jpg","datePublished":"2024-02-28T10:00:00+00:00","dateModified":"2024-02-28T10:12:58+00:00","breadcrumb":{"@id":"https:\/\/www.mm-sever.pt\/minas\/entrenhas\/#breadcrumb"},"inLanguage":"pt-PT","potentialAction":[{"@type":"ReadAction","target":["https:\/\/www.mm-sever.pt\/minas\/entrenhas\/"]}]},{"@type":"ImageObject","inLanguage":"pt-PT","@id":"https:\/\/www.mm-sever.pt\/minas\/entrenhas\/#primaryimage","url":"https:\/\/www.mm-sever.pt\/minas\/wp-content\/uploads\/2024\/02\/entranhas2024.jpg","contentUrl":"https:\/\/www.mm-sever.pt\/minas\/wp-content\/uploads\/2024\/02\/entranhas2024.jpg","width":1080,"height":1080},{"@type":"BreadcrumbList","@id":"https:\/\/www.mm-sever.pt\/minas\/entrenhas\/#breadcrumb","itemListElement":[{"@type":"ListItem","position":1,"name":"In\u00edcio","item":"https:\/\/www.mm-sever.pt\/minas\/"},{"@type":"ListItem","position":2,"name":"Pelas Entranhas da Terra"}]},{"@type":"WebSite","@id":"https:\/\/www.mm-sever.pt\/minas\/#website","url":"https:\/\/www.mm-sever.pt\/minas\/","name":"Minas do Bra\u00e7al e Malhada","description":"1\u00aa concess\u00e3o mineira de Portugal. ","publisher":{"@id":"https:\/\/www.mm-sever.pt\/minas\/#organization"},"potentialAction":[{"@type":"SearchAction","target":{"@type":"EntryPoint","urlTemplate":"https:\/\/www.mm-sever.pt\/minas\/?s={search_term_string}"},"query-input":{"@type":"PropertyValueSpecification","valueRequired":true,"valueName":"search_term_string"}}],"inLanguage":"pt-PT"},{"@type":"Organization","@id":"https:\/\/www.mm-sever.pt\/minas\/#organization","name":"Museu Municipal de Sever do Vouga","url":"https:\/\/www.mm-sever.pt\/minas\/","logo":{"@type":"ImageObject","inLanguage":"pt-PT","@id":"https:\/\/www.mm-sever.pt\/minas\/#\/schema\/logo\/image\/","url":"http:\/\/www.mm-sever.pt\/minas\/wp-content\/uploads\/2024\/02\/logo1280.jpg","contentUrl":"http:\/\/www.mm-sever.pt\/minas\/wp-content\/uploads\/2024\/02\/logo1280.jpg","width":1280,"height":720,"caption":"Museu Municipal de Sever do Vouga"},"image":{"@id":"https:\/\/www.mm-sever.pt\/minas\/#\/schema\/logo\/image\/"},"sameAs":["https:\/\/www.facebook.com\/museudeseverdovouga","https:\/\/www.instagram.com\/museudeseverdovouga"]}]}},"_links":{"self":[{"href":"https:\/\/www.mm-sever.pt\/minas\/wp-json\/wp\/v2\/pages\/472","targetHints":{"allow":["GET"]}}],"collection":[{"href":"https:\/\/www.mm-sever.pt\/minas\/wp-json\/wp\/v2\/pages"}],"about":[{"href":"https:\/\/www.mm-sever.pt\/minas\/wp-json\/wp\/v2\/types\/page"}],"author":[{"embeddable":true,"href":"https:\/\/www.mm-sever.pt\/minas\/wp-json\/wp\/v2\/users\/1"}],"replies":[{"embeddable":true,"href":"https:\/\/www.mm-sever.pt\/minas\/wp-json\/wp\/v2\/comments?post=472"}],"version-history":[{"count":4,"href":"https:\/\/www.mm-sever.pt\/minas\/wp-json\/wp\/v2\/pages\/472\/revisions"}],"predecessor-version":[{"id":484,"href":"https:\/\/www.mm-sever.pt\/minas\/wp-json\/wp\/v2\/pages\/472\/revisions\/484"}],"wp:attachment":[{"href":"https:\/\/www.mm-sever.pt\/minas\/wp-json\/wp\/v2\/media?parent=472"}],"curies":[{"name":"wp","href":"https:\/\/api.w.org\/{rel}","templated":true}]}}